{"id":580,"date":"2019-11-21T14:35:33","date_gmt":"2019-11-21T17:35:33","guid":{"rendered":"http:\/\/fernandesrinhel.com.br\/site\/?page_id=580"},"modified":"2019-11-25T09:47:26","modified_gmt":"2019-11-25T12:47:26","slug":"recuperacao-de-empresas","status":"publish","type":"page","link":"https:\/\/fernandesrinhel.com.br\/site\/recuperacao-de-empresas\/","title":{"rendered":"Recupera\u00e7\u00e3o de Empresas"},"content":{"rendered":"<div class=\"wpb-content-wrapper\"><p>[vc_row css_animation=&#8221;&#8221; row_type=&#8221;row&#8221; use_row_as_full_screen_section=&#8221;no&#8221; type=&#8221;grid&#8221; anchor=&#8221;3&#8243; angled_section=&#8221;no&#8221; text_align=&#8221;left&#8221; background_image_as_pattern=&#8221;without_pattern&#8221; z_index=&#8221;&#8221; css=&#8221;.vc_custom_1573915643911{padding-top: 100px !important;}&#8221;][vc_column css=&#8221;.vc_custom_1516958384989{padding-right: 0px !important;padding-left: 0px !important;}&#8221; offset=&#8221;vc_col-lg-6 vc_col-md-12&#8243;][qode_elements_holder number_of_columns=&#8221;one_column&#8221;][qode_elements_holder_item background_image=&#8221;587&#8243; item_padding=&#8221;28% 0 46.4% 0&#8243; advanced_animations=&#8221;no&#8221; item_padding_1024_1280=&#8221;28% 0 46.8% 0&#8243; item_padding_768_1024=&#8221;33.7% 0 31.9% 0&#8243; item_padding_600_768=&#8221;57.7% 0 37.9% 0&#8243; item_padding_480=&#8221;100% 0 80% 0&#8243;][\/qode_elements_holder_item][\/qode_elements_holder][\/vc_column][vc_column css=&#8221;.vc_custom_1516958388835{background-color: #ffffff !important;}&#8221; offset=&#8221;vc_col-lg-6 vc_col-md-12&#8243;][qode_elements_holder number_of_columns=&#8221;one_column&#8221;][qode_elements_holder_item item_padding=&#8221;54px 66px 38px 72px&#8221; advanced_animations=&#8221;no&#8221; item_padding_1024_1280=&#8221;34px 66px 38px 72px&#8221; item_padding_600_768=&#8221;45px 66px 22px 72px&#8221; item_padding_480=&#8221;35px 25px 38px 25px&#8221;][vc_column_text]<\/p>\n<h1>Recupera\u00e7\u00e3o de Empresas<\/h1>\n<p>[\/vc_column_text][vc_empty_space height=&#8221;9px&#8221;][vc_separator type=&#8221;small&#8221; position=&#8221;left&#8221; color=&#8221;#3c309b&#8221; thickness=&#8221;10&#8243; width=&#8221;57&#8243;][vc_column_text]<\/p>\n<div>A instabilidade do mercado aliado aos altos custos empresariais exigem das empresas, muitas vezes, uma\u00a0reorganiza\u00e7\u00e3o econ\u00f4mica, administrativa e financeira com a intermedia\u00e7\u00e3o do Poder Judici\u00e1rio ou mesmo sem a interven\u00e7\u00e3o direta do Ju\u00edzo a fim de ser evitado um mal maior que seria a pr\u00f3pria fal\u00eancia da atividade produtiva.<\/div>\n<div><span style=\"color: #ffffff;\">.<\/span><\/div>\n<div>Neste sentido, nossos profissionais est\u00e3o aptos e devidamente qualificados para auxiliarem empresas que precisam passar por um processo de recupera\u00e7\u00e3o judicial ou mesmo extrajudicial quando est\u00e1 endividada e n\u00e3o consegue gerar lucro suficiente para cumprir suas obriga\u00e7\u00f5es, como pagar seus credores, fornecedores, funcion\u00e1rios e impostos.<\/div>\n<div><span style=\"color: #ffffff;\">.<\/span><\/div>\n<div>Nossos t\u00e9cnicos s\u00e3o capazes de analisar o quadro de d\u00edvidas e elaborar um plano de recupera\u00e7\u00e3o judicial ou extrajudicial de forma a atender n\u00e3o apenas os interesses do devedor que deseja evitar a fal\u00eancia, mas tamb\u00e9m \u00e0s partes com as quais a empresa est\u00e1 em d\u00edvida, especialmente porque a recupera\u00e7\u00e3o judicial \u00e9 uma forma de garantir os interesses dos credores e dos empregados, gra\u00e7as \u00e0 possibilidade de recupera\u00e7\u00e3o dos cr\u00e9ditos e de manuten\u00e7\u00e3o dos empregos.<\/div>\n<p>[\/vc_column_text][\/qode_elements_holder_item][\/qode_elements_holder][\/vc_column][\/vc_row]<\/p>\n<\/div>","protected":false},"excerpt":{"rendered":"<p>[vc_row css_animation=&#8221;&#8221; row_type=&#8221;row&#8221; use_row_as_full_screen_section=&#8221;no&#8221; type=&#8221;grid&#8221; anchor=&#8221;3&#8243; angled_section=&#8221;no&#8221; text_align=&#8221;left&#8221; background_image_as_pattern=&#8221;without_pattern&#8221; z_index=&#8221;&#8221; css=&#8221;.vc_custom_1573915643911{padding-top: 100px !important;}&#8221;][vc_column css=&#8221;.vc_custom_1516958384989{padding-right: 0px !important;padding-left: 0px !important;}&#8221; offset=&#8221;vc_col-lg-6 vc_col-md-12&#8243;][qode_elements_holder [&hellip;]<\/p>\n","protected":false},"author":1,"featured_media":0,"parent":0,"menu_order":0,"comment_status":"closed","ping_status":"closed","template":"full_width.php","meta":{"content-type":"","_uag_custom_page_level_css":"","site-sidebar-layout":"no-sidebar","site-content-layout":"plain-container","ast-site-content-layout":"","site-content-style":"default","site-sidebar-style":"default","ast-global-header-display":"","ast-banner-title-visibility":"","ast-main-header-display":"","ast-hfb-above-header-display":"","ast-hfb-below-header-display":"","ast-hfb-mobile-header-display":"","site-post-title":"disabled","ast-breadcrumbs-content":"","ast-featured-img":"disabled","footer-sml-layout":"","theme-transparent-header-meta":"","adv-header-id-meta":"","stick-header-meta":"","header-above-stick-meta":"","header-main-stick-meta":"","header-below-stick-meta":"","astra-migrate-meta-layouts":"default","ast-page-background-enabled":"default","ast-page-background-meta":{"desktop":{"background-color":"var(--ast-global-color-4)","background-image":"","background-repeat":"repeat","background-position":"center center","background-size":"auto","background-attachment":"scroll","background-type":"","background-media":"","overlay-type":"","overlay-color":"","overlay-opacity":"","overlay-gradient":""},"tablet":{"background-color":"","background-image":"","background-repeat":"repeat","background-position":"center center","background-size":"auto","background-attachment":"scroll","background-type":"","background-media":"","overlay-type":"","overlay-color":"","overlay-opacity":"","overlay-gradient":""},"mobile":{"background-color":"","background-image":"","background-repeat":"repeat","background-position":"center center","background-size":"auto","background-attachment":"scroll","background-type":"","background-media":"","overlay-type":"","overlay-color":"","overlay-opacity":"","overlay-gradient":""}},"ast-content-background-meta":{"desktop":{"background-color":"var(--ast-global-color-5)","background-image":"","background-repeat":"repeat","background-position":"center center","background-size":"auto","background-attachment":"scroll","background-type":"","background-media":"","overlay-type":"","overlay-color":"","overlay-opacity":"","overlay-gradient":""},"tablet":{"background-color":"var(--ast-global-color-5)","background-image":"","background-repeat":"repeat","background-position":"center center","background-size":"auto","background-attachment":"scroll","background-type":"","background-media":"","overlay-type":"","overlay-color":"","overlay-opacity":"","overlay-gradient":""},"mobile":{"background-color":"var(--ast-global-color-5)","background-image":"","background-repeat":"repeat","background-position":"center center","background-size":"auto","background-attachment":"scroll","background-type":"","background-media":"","overlay-type":"","overlay-color":"","overlay-opacity":"","overlay-gradient":""}},"footnotes":""},"class_list":["post-580","page","type-page","status-publish","hentry"],"uagb_featured_image_src":{"full":false,"thumbnail":false,"medium":false,"medium_large":false,"large":false,"1536x1536":false,"2048x2048":false},"uagb_author_info":{"display_name":"suporte","author_link":"https:\/\/fernandesrinhel.com.br\/site\/author\/suporte\/"},"uagb_comment_info":0,"uagb_excerpt":"[vc_row css_animation=&#8221;&#8221; row_type=&#8221;row&#8221; use_row_as_full_screen_section=&#8221;no&#8221; type=&#8221;grid&#8221; anchor=&#8221;3&#8243; angled_section=&#8221;no&#8221; text_align=&#8221;left&#8221; background_image_as_pattern=&#8221;without_pattern&#8221; z_index=&#8221;&#8221; css=&#8221;.vc_custom_1573915643911{padding-top: 100px !important;}&#8221;][vc_column css=&#8221;.vc_custom_1516958384989{padding-right: 0px !important;padding-left: 0px !important;}&#8221; offset=&#8221;vc_col-lg-6 vc_col-md-12&#8243;][qode_elements_holder [&hellip;]","_links":{"self":[{"href":"https:\/\/fernandesrinhel.com.br\/site\/wp-json\/wp\/v2\/pages\/580"}],"collection":[{"href":"https:\/\/fernandesrinhel.com.br\/site\/wp-json\/wp\/v2\/pages"}],"about":[{"href":"https:\/\/fernandesrinhel.com.br\/site\/wp-json\/wp\/v2\/types\/page"}],"author":[{"embeddable":true,"href":"https:\/\/fernandesrinhel.com.br\/site\/wp-json\/wp\/v2\/users\/1"}],"replies":[{"embeddable":true,"href":"https:\/\/fernandesrinhel.com.br\/site\/wp-json\/wp\/v2\/comments?post=580"}],"version-history":[{"count":4,"href":"https:\/\/fernandesrinhel.com.br\/site\/wp-json\/wp\/v2\/pages\/580\/revisions"}],"predecessor-version":[{"id":596,"href":"https:\/\/fernandesrinhel.com.br\/site\/wp-json\/wp\/v2\/pages\/580\/revisions\/596"}],"wp:attachment":[{"href":"https:\/\/fernandesrinhel.com.br\/site\/wp-json\/wp\/v2\/media?parent=580"}],"curies":[{"name":"wp","href":"https:\/\/api.w.org\/{rel}","templated":true}]}}