{"id":351,"date":"2019-11-14T16:29:48","date_gmt":"2019-11-14T19:29:48","guid":{"rendered":"http:\/\/fernandesrinhel.com.br\/site\/?page_id=351"},"modified":"2019-11-16T11:10:28","modified_gmt":"2019-11-16T14:10:28","slug":"servicos-tributarios","status":"publish","type":"page","link":"https:\/\/fernandesrinhel.com.br\/site\/servicos-tributarios\/","title":{"rendered":"Servi\u00e7os Tribut\u00e1rios"},"content":{"rendered":"<div class=\"wpb-content-wrapper\"><p>[vc_row css_animation=&#8221;&#8221; row_type=&#8221;row&#8221; use_row_as_full_screen_section=&#8221;no&#8221; type=&#8221;grid&#8221; anchor=&#8221;1&#8243; angled_section=&#8221;no&#8221; text_align=&#8221;left&#8221; background_image_as_pattern=&#8221;without_pattern&#8221; z_index=&#8221;&#8221; css=&#8221;.vc_custom_1573912916842{padding-top: 100px !important;}&#8221;][vc_column css=&#8221;.vc_custom_1516958384989{padding-right: 0px !important;padding-left: 0px !important;}&#8221; offset=&#8221;vc_col-lg-6 vc_col-md-12&#8243;][qode_elements_holder number_of_columns=&#8221;one_column&#8221;][qode_elements_holder_item background_image=&#8221;509&#8243; item_padding=&#8221;28% 0 46.4% 0&#8243; advanced_animations=&#8221;no&#8221; item_padding_1024_1280=&#8221;28% 0 46.8% 0&#8243; item_padding_768_1024=&#8221;33.7% 0 31.9% 0&#8243; item_padding_600_768=&#8221;57.7% 0 37.9% 0&#8243; item_padding_480=&#8221;100% 0 80% 0&#8243;][\/qode_elements_holder_item][\/qode_elements_holder][\/vc_column][vc_column css=&#8221;.vc_custom_1516958388835{background-color: #ffffff !important;}&#8221; offset=&#8221;vc_col-lg-6 vc_col-md-12&#8243;][qode_elements_holder number_of_columns=&#8221;one_column&#8221;][qode_elements_holder_item item_padding=&#8221;54px 66px 38px 72px&#8221; advanced_animations=&#8221;no&#8221; item_padding_1024_1280=&#8221;34px 66px 38px 72px&#8221; item_padding_600_768=&#8221;45px 66px 22px 72px&#8221; item_padding_480=&#8221;35px 25px 38px 25px&#8221;][vc_column_text]<\/p>\n<h1 class=\"icon_title\">An\u00e1lises e Revis\u00f5es Tribut\u00e1rias<\/h1>\n<p>[\/vc_column_text][vc_empty_space height=&#8221;9px&#8221;][vc_separator type=&#8221;small&#8221; position=&#8221;left&#8221; color=&#8221;#012975&#8243; thickness=&#8221;10&#8243; width=&#8221;57&#8243;][vc_column_text]Acompanhamento mensal espec\u00edfico das apura\u00e7\u00f5es tribut\u00e1rias, junto \u00e0 \u00e1rea fiscal interna da empresa. Nossos profissionais possuem experi\u00eancia em diversos setores produtivos e exatamente por este motivo possuem expertise e capacidade t\u00e9cnica espec\u00edfica para revisar a metodologia de apura\u00e7\u00e3o da base de c\u00e1lculo dos tributos diretos e indiretos sejam eles, Federais ou Estaduais, mediante cotejamento das apura\u00e7\u00f5es fiscais com as decis\u00f5es normativas, solu\u00e7\u00f5es de consulta, COPAT e outros.<\/p>\n<p>Por mais bem aparelhada que determinada empresa possa estar em termos de controle e acompanhamento das altera\u00e7\u00f5es fiscais, o contingente interno geralmente \u00e9 insuficiente para manter a rotina mensal de obriga\u00e7\u00f5es acess\u00f3rias e ao mesmo tempo o controle das decis\u00f5es administrativas em mat\u00e9ria fiscal.<\/p>\n<p>&nbsp;<\/p>\n<p>Nossos profissionais atuam objetivando oferecer ao departamento de controladoria fiscal uma interpreta\u00e7\u00e3o adequada das apura\u00e7\u00f5es das bases de c\u00e1lculo dos tributos indiretos, visando o pagamento correto das exa\u00e7\u00f5es, sem que se afastem das interpreta\u00e7\u00f5es fazend\u00e1rias, evitando riscos de contenciosos.<\/p>\n<p>&nbsp;<\/p>\n<p>O servi\u00e7o proposto tamb\u00e9m poder\u00e1 revelar eventuais conting\u00eancias ainda n\u00e3o identificadas internamente pelo contribuinte, podendo servir de indicador de risco e contribuir para a elimina\u00e7\u00e3o de penalidades tribut\u00e1rias.[\/vc_column_text][\/qode_elements_holder_item][\/qode_elements_holder][\/vc_column][\/vc_row][vc_row css_animation=&#8221;&#8221; row_type=&#8221;row&#8221; use_row_as_full_screen_section=&#8221;no&#8221; type=&#8221;grid&#8221; anchor=&#8221;2&#8243; angled_section=&#8221;no&#8221; text_align=&#8221;left&#8221; background_image_as_pattern=&#8221;without_pattern&#8221; z_index=&#8221;&#8221; css=&#8221;.vc_custom_1573912926929{padding-top: 100px !important;}&#8221;][vc_column css=&#8221;.vc_custom_1573855665600{padding-right: 0px !important;padding-left: 0px !important;background-color: #ffffff !important;}&#8221; offset=&#8221;vc_col-lg-6 vc_col-md-12&#8243;][qode_elements_holder number_of_columns=&#8221;one_column&#8221;][qode_elements_holder_item item_padding=&#8221;54px 66px 38px 72px&#8221; advanced_animations=&#8221;no&#8221; item_padding_1024_1280=&#8221;34px 66px 38px 72px&#8221; item_padding_600_768=&#8221;45px 66px 22px 72px&#8221; item_padding_480=&#8221;35px 25px 38px 25px&#8221;][vc_column_text]<\/p>\n<h1 class=\"icon_title\">Recupera\u00e7\u00e3o de Tributos<\/h1>\n<p>[\/vc_column_text][vc_empty_space height=&#8221;9px&#8221;][vc_separator type=&#8221;small&#8221; position=&#8221;left&#8221; color=&#8221;#012975&#8243; thickness=&#8221;10&#8243; width=&#8221;57&#8243;][vc_column_text]An\u00e1lise dos tributos pagos indevidamente ou em valor maior que o devido, sejam tributos direitos e\/ou indiretos.<\/p>\n<p>No tocante aos tributos n\u00e3o-cumulativos, por exemplo, em raz\u00e3o de suas complexidades, via de regra, h\u00e1 ocorr\u00eancia de pagamento \u00e0 maior ou indevido. Tributos sujeitos a tributa\u00e7\u00e3o monof\u00e1sica, isentos e cr\u00e9ditos presumidos pass\u00edveis de utiliza\u00e7\u00e3o, regulados por normas infralegais desafiam a correta utiliza\u00e7\u00e3o dos cr\u00e9ditos sem que seja ultrapassada a interpreta\u00e7\u00e3o fazend\u00e1ria.<\/p>\n<p>&nbsp;<\/p>\n<p>N\u00e3o por outro motivo, o Conselho Administrativo de Recursos Fiscais \u2013 CARF tem fomentado uma nova abordagem a respeito da n\u00e3o-cumulatividade, considerando que os insumos, para efeito de cr\u00e9dito, n\u00e3o deve ser sempre o mesmo, permitindo um alargamento, ou ainda, uma nova compreens\u00e3o nas hip\u00f3teses legais de direito ao cr\u00e9dito pelos contribuintes.[\/vc_column_text][\/qode_elements_holder_item][\/qode_elements_holder][\/vc_column][vc_column offset=&#8221;vc_col-lg-6 vc_col-md-12&#8243;][qode_elements_holder number_of_columns=&#8221;one_column&#8221;][qode_elements_holder_item background_image=&#8221;512&#8243; item_padding=&#8221;28% 0 46.4% 0&#8243; horizontal_alignment=&#8221;left&#8221; advanced_animations=&#8221;no&#8221; item_padding_1024_1280=&#8221;28% 0 46.8% 0&#8243; item_padding_768_1024=&#8221;33.7% 0 31.9% 0&#8243; item_padding_600_768=&#8221;57.7% 0 37.9% 0&#8243; item_padding_480=&#8221;100% 0 80% 0&#8243;][\/qode_elements_holder_item][\/qode_elements_holder][\/vc_column][\/vc_row][vc_row css_animation=&#8221;&#8221; row_type=&#8221;row&#8221; use_row_as_full_screen_section=&#8221;no&#8221; type=&#8221;grid&#8221; anchor=&#8221;3&#8243; angled_section=&#8221;no&#8221; text_align=&#8221;left&#8221; background_image_as_pattern=&#8221;without_pattern&#8221; z_index=&#8221;&#8221; css=&#8221;.vc_custom_1573912936138{padding-top: 100px !important;}&#8221;][vc_column css=&#8221;.vc_custom_1516958384989{padding-right: 0px !important;padding-left: 0px !important;}&#8221; offset=&#8221;vc_col-lg-6 vc_col-md-12&#8243;][qode_elements_holder number_of_columns=&#8221;one_column&#8221;][qode_elements_holder_item background_image=&#8221;511&#8243; item_padding=&#8221;28% 0 46.4% 0&#8243; advanced_animations=&#8221;no&#8221; item_padding_1024_1280=&#8221;28% 0 46.8% 0&#8243; item_padding_768_1024=&#8221;33.7% 0 31.9% 0&#8243; item_padding_600_768=&#8221;57.7% 0 37.9% 0&#8243; item_padding_480=&#8221;100% 0 80% 0&#8243;][\/qode_elements_holder_item][\/qode_elements_holder][\/vc_column][vc_column css=&#8221;.vc_custom_1516958388835{background-color: #ffffff !important;}&#8221; offset=&#8221;vc_col-lg-6 vc_col-md-12&#8243;][qode_elements_holder number_of_columns=&#8221;one_column&#8221;][qode_elements_holder_item item_padding=&#8221;54px 66px 38px 72px&#8221; advanced_animations=&#8221;no&#8221; item_padding_1024_1280=&#8221;34px 66px 38px 72px&#8221; item_padding_600_768=&#8221;45px 66px 22px 72px&#8221; item_padding_480=&#8221;35px 25px 38px 25px&#8221;][vc_column_text]<\/p>\n<h1 class=\"icon_title\">Consultoria Tribut\u00e1ria em reestrutura\u00e7\u00f5es operacionais com prop\u00f3sito negocial<\/h1>\n<p>[\/vc_column_text][vc_empty_space height=&#8221;9px&#8221;][vc_separator type=&#8221;small&#8221; position=&#8221;left&#8221; color=&#8221;#012975&#8243; thickness=&#8221;10&#8243; width=&#8221;57&#8243;][vc_column_text]Nossa equipe multidisciplinar \u00e9 capaz de analisar e propor eventual reestrutura\u00e7\u00e3o operacional que possam apresentar melhores modelos quanto \u00e0s apura\u00e7\u00f5es tribut\u00e1rias em geral sem que riscos de simula\u00e7\u00f5es e\/ou aus\u00eancia de prop\u00f3sitos negociais impliquem na desconsidera\u00e7\u00e3o dos neg\u00f3cios praticados.[\/vc_column_text][\/qode_elements_holder_item][\/qode_elements_holder][\/vc_column][\/vc_row][vc_row css_animation=&#8221;&#8221; row_type=&#8221;row&#8221; use_row_as_full_screen_section=&#8221;no&#8221; type=&#8221;grid&#8221; anchor=&#8221;4&#8243; angled_section=&#8221;no&#8221; text_align=&#8221;left&#8221; background_image_as_pattern=&#8221;without_pattern&#8221; z_index=&#8221;&#8221; css=&#8221;.vc_custom_1573912944130{padding-top: 100px !important;}&#8221;][vc_column css=&#8221;.vc_custom_1573855665600{padding-right: 0px !important;padding-left: 0px !important;background-color: #ffffff !important;}&#8221; offset=&#8221;vc_col-lg-6 vc_col-md-12&#8243;][qode_elements_holder number_of_columns=&#8221;one_column&#8221;][qode_elements_holder_item item_padding=&#8221;54px 66px 38px 72px&#8221; advanced_animations=&#8221;no&#8221; item_padding_1024_1280=&#8221;34px 66px 38px 72px&#8221; item_padding_600_768=&#8221;45px 66px 22px 72px&#8221; item_padding_480=&#8221;35px 25px 38px 25px&#8221;][vc_column_text]<\/p>\n<h1 class=\"icon_title\">Cria\u00e7\u00e3o e estrutura\u00e7\u00e3o de Comit\u00ea Tribut\u00e1rio interno nas empresas<\/h1>\n<p>[\/vc_column_text][vc_empty_space height=&#8221;9px&#8221;][vc_separator type=&#8221;small&#8221; position=&#8221;left&#8221; color=&#8221;#012975&#8243; thickness=&#8221;10&#8243; width=&#8221;57&#8243;][vc_column_text]Conhecimento multidisciplinar \u00e9 um fator de competitividade e diferencial entre as empresas que atuam no mercado atualmente de extrema competitividade. Assim, nossos profissionais conhecendo os pontos sens\u00edveis das organiza\u00e7\u00f5es empresariais poder\u00e3o propor a cria\u00e7\u00e3o de comit\u00ea estrat\u00e9gico para discutir quest\u00f5es tribut\u00e1ria sob o ponto de vista estrat\u00e9gico e negocial e n\u00e3o apenas no ambiente herm\u00e9tico da escritura\u00e7\u00e3o fiscal das empresas.[\/vc_column_text][\/qode_elements_holder_item][\/qode_elements_holder][\/vc_column][vc_column offset=&#8221;vc_col-lg-6 vc_col-md-12&#8243;][qode_elements_holder number_of_columns=&#8221;one_column&#8221;][qode_elements_holder_item background_image=&#8221;513&#8243; item_padding=&#8221;28% 0 46.4% 0&#8243; horizontal_alignment=&#8221;left&#8221; advanced_animations=&#8221;no&#8221; item_padding_1024_1280=&#8221;28% 0 46.8% 0&#8243; item_padding_768_1024=&#8221;33.7% 0 31.9% 0&#8243; item_padding_600_768=&#8221;57.7% 0 37.9% 0&#8243; item_padding_480=&#8221;100% 0 80% 0&#8243;][\/qode_elements_holder_item][\/qode_elements_holder][\/vc_column][\/vc_row][vc_row css_animation=&#8221;&#8221; row_type=&#8221;row&#8221; use_row_as_full_screen_section=&#8221;no&#8221; type=&#8221;grid&#8221; anchor=&#8221;5&#8243; angled_section=&#8221;no&#8221; text_align=&#8221;left&#8221; background_image_as_pattern=&#8221;without_pattern&#8221; z_index=&#8221;&#8221; css=&#8221;.vc_custom_1573912952514{padding-top: 100px !important;}&#8221;][vc_column css=&#8221;.vc_custom_1516958384989{padding-right: 0px !important;padding-left: 0px !important;}&#8221; offset=&#8221;vc_col-lg-6 vc_col-md-12&#8243;][qode_elements_holder number_of_columns=&#8221;one_column&#8221;][qode_elements_holder_item background_image=&#8221;515&#8243; item_padding=&#8221;28% 0 46.4% 0&#8243; advanced_animations=&#8221;no&#8221; item_padding_1024_1280=&#8221;28% 0 46.8% 0&#8243; item_padding_768_1024=&#8221;33.7% 0 31.9% 0&#8243; item_padding_600_768=&#8221;57.7% 0 37.9% 0&#8243; item_padding_480=&#8221;100% 0 80% 0&#8243;][\/qode_elements_holder_item][\/qode_elements_holder][\/vc_column][vc_column css=&#8221;.vc_custom_1516958388835{background-color: #ffffff !important;}&#8221; offset=&#8221;vc_col-lg-6 vc_col-md-12&#8243;][qode_elements_holder number_of_columns=&#8221;one_column&#8221;][qode_elements_holder_item item_padding=&#8221;54px 66px 38px 72px&#8221; advanced_animations=&#8221;no&#8221; item_padding_1024_1280=&#8221;34px 66px 38px 72px&#8221; item_padding_600_768=&#8221;45px 66px 22px 72px&#8221; item_padding_480=&#8221;35px 25px 38px 25px&#8221;][vc_column_text]<\/p>\n<h1 class=\"icon_title\">Propositura de a\u00e7\u00f5es judiciais tribut\u00e1rias espec\u00edficas<\/h1>\n<p>[\/vc_column_text][vc_empty_space height=&#8221;9px&#8221;][vc_separator type=&#8221;small&#8221; position=&#8221;left&#8221; color=&#8221;#012975&#8243; thickness=&#8221;10&#8243; width=&#8221;57&#8243;][vc_column_text]Por meio da sociedade de advogados De Nadal, Duarte &amp; Fernandes (www.dndf.com.br), nosso escrit\u00f3rio poder\u00e1 indicar profissionais qualificados e preparados para quaisquer recupera\u00e7\u00f5es tribut\u00e1rias poss\u00edveis e em discuss\u00e3o nos tribunais p\u00e1trios. A forma cautelosa e conservadora de conduzir os processos poder\u00e1 gerar ativos futuros por meio de decis\u00f5es judiciais favor\u00e1veis aos clientes.[\/vc_column_text][\/qode_elements_holder_item][\/qode_elements_holder][\/vc_column][\/vc_row][vc_row css_animation=&#8221;&#8221; row_type=&#8221;row&#8221; use_row_as_full_screen_section=&#8221;no&#8221; type=&#8221;grid&#8221; anchor=&#8221;6&#8243; angled_section=&#8221;no&#8221; text_align=&#8221;left&#8221; background_image_as_pattern=&#8221;without_pattern&#8221; z_index=&#8221;&#8221; css=&#8221;.vc_custom_1573912961468{padding-top: 100px !important;}&#8221;][vc_column css=&#8221;.vc_custom_1573855665600{padding-right: 0px !important;padding-left: 0px !important;background-color: #ffffff !important;}&#8221; offset=&#8221;vc_col-lg-6 vc_col-md-12&#8243;][qode_elements_holder number_of_columns=&#8221;one_column&#8221;][qode_elements_holder_item item_padding=&#8221;54px 66px 38px 72px&#8221; advanced_animations=&#8221;no&#8221; item_padding_1024_1280=&#8221;34px 66px 38px 72px&#8221; item_padding_600_768=&#8221;45px 66px 22px 72px&#8221; item_padding_480=&#8221;35px 25px 38px 25px&#8221;][vc_column_text]<\/p>\n<h1 class=\"icon_title\">Defesa de contencioso administrativo e\/ou Judicial Tribut\u00e1ria<\/h1>\n<p>[\/vc_column_text][vc_empty_space height=&#8221;9px&#8221;][vc_separator type=&#8221;small&#8221; position=&#8221;left&#8221; color=&#8221;#012975&#8243; thickness=&#8221;10&#8243; width=&#8221;57&#8243;][vc_column_text]Cuidar do contencioso tribut\u00e1rio de forma experiente e com vis\u00e3o expandida por meio de estudos e an\u00e1lises das in\u00fameras decis\u00f5es administrativas e\/ou judiciais a respeito de conting\u00eancias tribut\u00e1rias faz com que nossa estrutura seja diferenciada e se torne apta e competente para atender seus clientes, de forma segura e adequada rente aos eventuais impactos e desafios que o passivo tribut\u00e1rio possa ocasionar nas empresas em geral.[\/vc_column_text][\/qode_elements_holder_item][\/qode_elements_holder][\/vc_column][vc_column offset=&#8221;vc_col-lg-6 vc_col-md-12&#8243;][qode_elements_holder number_of_columns=&#8221;one_column&#8221;][qode_elements_holder_item background_image=&#8221;517&#8243; item_padding=&#8221;28% 0 46.4% 0&#8243; horizontal_alignment=&#8221;left&#8221; advanced_animations=&#8221;no&#8221; item_padding_1024_1280=&#8221;28% 0 46.8% 0&#8243; item_padding_768_1024=&#8221;33.7% 0 31.9% 0&#8243; item_padding_600_768=&#8221;57.7% 0 37.9% 0&#8243; item_padding_480=&#8221;100% 0 80% 0&#8243;][\/qode_elements_holder_item][\/qode_elements_holder][\/vc_column][\/vc_row][vc_row css_animation=&#8221;&#8221; row_type=&#8221;row&#8221; use_row_as_full_screen_section=&#8221;no&#8221; type=&#8221;grid&#8221; anchor=&#8221;7&#8243; angled_section=&#8221;no&#8221; text_align=&#8221;left&#8221; background_image_as_pattern=&#8221;without_pattern&#8221; z_index=&#8221;&#8221; css=&#8221;.vc_custom_1573912973594{padding-top: 100px !important;}&#8221;][vc_column css=&#8221;.vc_custom_1516958384989{padding-right: 0px !important;padding-left: 0px !important;}&#8221; offset=&#8221;vc_col-lg-6 vc_col-md-12&#8243;][qode_elements_holder number_of_columns=&#8221;one_column&#8221;][qode_elements_holder_item background_image=&#8221;519&#8243; item_padding=&#8221;28% 0 46.4% 0&#8243; advanced_animations=&#8221;no&#8221; item_padding_1024_1280=&#8221;28% 0 46.8% 0&#8243; item_padding_768_1024=&#8221;33.7% 0 31.9% 0&#8243; item_padding_600_768=&#8221;57.7% 0 37.9% 0&#8243; item_padding_480=&#8221;100% 0 80% 0&#8243;][\/qode_elements_holder_item][\/qode_elements_holder][\/vc_column][vc_column css=&#8221;.vc_custom_1516958388835{background-color: #ffffff !important;}&#8221; offset=&#8221;vc_col-lg-6 vc_col-md-12&#8243;][qode_elements_holder number_of_columns=&#8221;one_column&#8221;][qode_elements_holder_item item_padding=&#8221;54px 66px 38px 72px&#8221; advanced_animations=&#8221;no&#8221; item_padding_1024_1280=&#8221;34px 66px 38px 72px&#8221; item_padding_600_768=&#8221;45px 66px 22px 72px&#8221; item_padding_480=&#8221;35px 25px 38px 25px&#8221;][vc_column_text]<\/p>\n<h1 class=\"icon_title\">Assessoria em Pedidos de restitui\u00e7\u00e3o e\/ou Compensa\u00e7\u00e3o de Tributos<\/h1>\n<p>[\/vc_column_text][vc_empty_space height=&#8221;9px&#8221;][vc_separator type=&#8221;small&#8221; position=&#8221;left&#8221; color=&#8221;#012975&#8243; thickness=&#8221;10&#8243; width=&#8221;57&#8243;][vc_column_text]Nossos profissionais s\u00e3o qualificados para promover an\u00e1lises e revis\u00e3o administrativa, sem necessidade de discuss\u00e3o judicial, propondo uma melhor apura\u00e7\u00e3o (performance) nos procedimentos internos adotados pela pessoa jur\u00eddica visando a apura\u00e7\u00e3o e o c\u00e1lculo dos tributos sujeitos \u00e0 restitui\u00e7\u00e3o e\/ou ressarcimento, permitindo assim a correta instru\u00e7\u00e3o dos procedimentos exigidos pelo er\u00e1rio para viabilizar o efetivo aproveitamento de eventuais ind\u00e9bitos e\/ou cr\u00e9ditos tribut\u00e1rios, superando assim os in\u00fameros obst\u00e1culos que a complexa e burocr\u00e1tica legisla\u00e7\u00e3o imp\u00f5e aos contribuintes em geral.[\/vc_column_text][\/qode_elements_holder_item][\/qode_elements_holder][\/vc_column][\/vc_row][vc_row css_animation=&#8221;&#8221; row_type=&#8221;row&#8221; use_row_as_full_screen_section=&#8221;no&#8221; type=&#8221;grid&#8221; anchor=&#8221;8&#8243; angled_section=&#8221;no&#8221; text_align=&#8221;left&#8221; background_image_as_pattern=&#8221;without_pattern&#8221; z_index=&#8221;&#8221; css=&#8221;.vc_custom_1573912982546{padding-top: 100px !important;}&#8221;][vc_column css=&#8221;.vc_custom_1573855665600{padding-right: 0px !important;padding-left: 0px !important;background-color: #ffffff !important;}&#8221; offset=&#8221;vc_col-lg-6 vc_col-md-12&#8243;][qode_elements_holder number_of_columns=&#8221;one_column&#8221;][qode_elements_holder_item item_padding=&#8221;54px 66px 38px 72px&#8221; advanced_animations=&#8221;no&#8221; item_padding_1024_1280=&#8221;34px 66px 38px 72px&#8221; item_padding_600_768=&#8221;45px 66px 22px 72px&#8221; item_padding_480=&#8221;35px 25px 38px 25px&#8221;][vc_column_text]<\/p>\n<h1 class=\"icon_title\">Enquadramento em regimes especiais de tributa\u00e7\u00e3o<\/h1>\n<p>[\/vc_column_text][vc_empty_space height=&#8221;9px&#8221;][vc_separator type=&#8221;small&#8221; position=&#8221;left&#8221; color=&#8221;#012975&#8243; thickness=&#8221;10&#8243; width=&#8221;57&#8243;][vc_column_text]Nossos profissionais, dentre eles ex-auditores fiscais, procuram preparar internamente as empresas para que possam se adequar \u00e0s exige\u0302ncias legais tanto do Governo Federal, quanto Estadual para obterem tratamentos fiscais especi\u0301ficos com sensi\u0301vel reduc\u0327a\u0303o da carga fiscal por meio de enquadramentos previstos em lei.<\/p>\n<p>&nbsp;<\/p>\n<p>Na\u0303o ha\u0301 teses ou riscos no trabalho proposto. O objetivo e\u0301 obter previamente enquadramento administrativo em tratamento tributa\u0301rio diferenciado, previsto em lei.[\/vc_column_text][\/qode_elements_holder_item][\/qode_elements_holder][\/vc_column][vc_column offset=&#8221;vc_col-lg-6 vc_col-md-12&#8243;][qode_elements_holder number_of_columns=&#8221;one_column&#8221;][qode_elements_holder_item background_image=&#8221;520&#8243; item_padding=&#8221;28% 0 46.4% 0&#8243; horizontal_alignment=&#8221;left&#8221; advanced_animations=&#8221;no&#8221; item_padding_1024_1280=&#8221;28% 0 46.8% 0&#8243; item_padding_768_1024=&#8221;33.7% 0 31.9% 0&#8243; item_padding_600_768=&#8221;57.7% 0 37.9% 0&#8243; item_padding_480=&#8221;100% 0 80% 0&#8243;][\/qode_elements_holder_item][\/qode_elements_holder][\/vc_column][\/vc_row]<\/p>\n<\/div>","protected":false},"excerpt":{"rendered":"<p>[vc_row css_animation=&#8221;&#8221; row_type=&#8221;row&#8221; use_row_as_full_screen_section=&#8221;no&#8221; type=&#8221;grid&#8221; anchor=&#8221;1&#8243; angled_section=&#8221;no&#8221; text_align=&#8221;left&#8221; background_image_as_pattern=&#8221;without_pattern&#8221; z_index=&#8221;&#8221; css=&#8221;.vc_custom_1573912916842{padding-top: 100px !important;}&#8221;][vc_column css=&#8221;.vc_custom_1516958384989{padding-right: 0px !important;padding-left: 0px !important;}&#8221; offset=&#8221;vc_col-lg-6 vc_col-md-12&#8243;][qode_elements_holder [&hellip;]<\/p>\n","protected":false},"author":1,"featured_media":0,"parent":0,"menu_order":0,"comment_status":"closed","ping_status":"closed","template":"full_width.php","meta":{"content-type":"","_uag_custom_page_level_css":"","site-sidebar-layout":"no-sidebar","site-content-layout":"plain-container","ast-site-content-layout":"","site-content-style":"default","site-sidebar-style":"default","ast-global-header-display":"","ast-banner-title-visibility":"","ast-main-header-display":"","ast-hfb-above-header-display":"","ast-hfb-below-header-display":"","ast-hfb-mobile-header-display":"","site-post-title":"disabled","ast-breadcrumbs-content":"","ast-featured-img":"disabled","footer-sml-layout":"","theme-transparent-header-meta":"","adv-header-id-meta":"","stick-header-meta":"","header-above-stick-meta":"","header-main-stick-meta":"","header-below-stick-meta":"","astra-migrate-meta-layouts":"default","ast-page-background-enabled":"default","ast-page-background-meta":{"desktop":{"background-color":"var(--ast-global-color-4)","background-image":"","background-repeat":"repeat","background-position":"center center","background-size":"auto","background-attachment":"scroll","background-type":"","background-media":"","overlay-type":"","overlay-color":"","overlay-opacity":"","overlay-gradient":""},"tablet":{"background-color":"","background-image":"","background-repeat":"repeat","background-position":"center center","background-size":"auto","background-attachment":"scroll","background-type":"","background-media":"","overlay-type":"","overlay-color":"","overlay-opacity":"","overlay-gradient":""},"mobile":{"background-color":"","background-image":"","background-repeat":"repeat","background-position":"center center","background-size":"auto","background-attachment":"scroll","background-type":"","background-media":"","overlay-type":"","overlay-color":"","overlay-opacity":"","overlay-gradient":""}},"ast-content-background-meta":{"desktop":{"background-color":"var(--ast-global-color-5)","background-image":"","background-repeat":"repeat","background-position":"center center","background-size":"auto","background-attachment":"scroll","background-type":"","background-media":"","overlay-type":"","overlay-color":"","overlay-opacity":"","overlay-gradient":""},"tablet":{"background-color":"var(--ast-global-color-5)","background-image":"","background-repeat":"repeat","background-position":"center center","background-size":"auto","background-attachment":"scroll","background-type":"","background-media":"","overlay-type":"","overlay-color":"","overlay-opacity":"","overlay-gradient":""},"mobile":{"background-color":"var(--ast-global-color-5)","background-image":"","background-repeat":"repeat","background-position":"center center","background-size":"auto","background-attachment":"scroll","background-type":"","background-media":"","overlay-type":"","overlay-color":"","overlay-opacity":"","overlay-gradient":""}},"footnotes":""},"class_list":["post-351","page","type-page","status-publish","hentry"],"uagb_featured_image_src":{"full":false,"thumbnail":false,"medium":false,"medium_large":false,"large":false,"1536x1536":false,"2048x2048":false},"uagb_author_info":{"display_name":"suporte","author_link":"https:\/\/fernandesrinhel.com.br\/site\/author\/suporte\/"},"uagb_comment_info":0,"uagb_excerpt":"[vc_row css_animation=&#8221;&#8221; row_type=&#8221;row&#8221; use_row_as_full_screen_section=&#8221;no&#8221; type=&#8221;grid&#8221; anchor=&#8221;1&#8243; angled_section=&#8221;no&#8221; text_align=&#8221;left&#8221; background_image_as_pattern=&#8221;without_pattern&#8221; z_index=&#8221;&#8221; css=&#8221;.vc_custom_1573912916842{padding-top: 100px !important;}&#8221;][vc_column css=&#8221;.vc_custom_1516958384989{padding-right: 0px !important;padding-left: 0px !important;}&#8221; offset=&#8221;vc_col-lg-6 vc_col-md-12&#8243;][qode_elements_holder [&hellip;]","_links":{"self":[{"href":"https:\/\/fernandesrinhel.com.br\/site\/wp-json\/wp\/v2\/pages\/351"}],"collection":[{"href":"https:\/\/fernandesrinhel.com.br\/site\/wp-json\/wp\/v2\/pages"}],"about":[{"href":"https:\/\/fernandesrinhel.com.br\/site\/wp-json\/wp\/v2\/types\/page"}],"author":[{"embeddable":true,"href":"https:\/\/fernandesrinhel.com.br\/site\/wp-json\/wp\/v2\/users\/1"}],"replies":[{"embeddable":true,"href":"https:\/\/fernandesrinhel.com.br\/site\/wp-json\/wp\/v2\/comments?post=351"}],"version-history":[{"count":34,"href":"https:\/\/fernandesrinhel.com.br\/site\/wp-json\/wp\/v2\/pages\/351\/revisions"}],"predecessor-version":[{"id":544,"href":"https:\/\/fernandesrinhel.com.br\/site\/wp-json\/wp\/v2\/pages\/351\/revisions\/544"}],"wp:attachment":[{"href":"https:\/\/fernandesrinhel.com.br\/site\/wp-json\/wp\/v2\/media?parent=351"}],"curies":[{"name":"wp","href":"https:\/\/api.w.org\/{rel}","templated":true}]}}