{"id":2258,"date":"2024-10-28T16:39:54","date_gmt":"2024-10-28T19:39:54","guid":{"rendered":"https:\/\/fernandesrinhel.com.br\/site\/?page_id=2258"},"modified":"2024-10-30T17:19:20","modified_gmt":"2024-10-30T20:19:20","slug":"transacao-tributaria","status":"publish","type":"page","link":"https:\/\/fernandesrinhel.com.br\/site\/transacao-tributaria\/","title":{"rendered":"Transa\u00e7\u00e3o Tribut\u00e1ria e Gest\u00e3o de Passivos Fiscais"},"content":{"rendered":"\n<div data-aos= \"flip-down\" data-aos-duration=\"400\" data-aos-delay=\"0\" data-aos-easing=\"ease\" data-aos-once=\"true\" class=\"wp-block-uagb-container uagb-block-8e900e2a alignfull uagb-is-root-container\"><div class=\"uagb-container-inner-blocks-wrap\">\n<div class=\"wp-block-uagb-advanced-heading uagb-block-eae04d3f\"><div class=\"uagb-separator\"><\/div><h1 class=\"uagb-heading-text\">Transa\u00e7\u00e3o Tribut\u00e1ria e Gest\u00e3o de Passivos Fiscais<\/h1><p class=\"uagb-desc-text\">Entendemos que a regulariza\u00e7\u00e3o de passivos fiscais vai al\u00e9m da redu\u00e7\u00e3o de d\u00edvidas; envolve um planejamento estrat\u00e9gico da<strong> sa\u00fade financeira da empresa<\/strong>. Por isso, nossa equipe multidisciplinar de advogados<strong>, contadores e economistas<\/strong> oferece uma abordagem completa e integrada, que inclui uma avalia\u00e7\u00e3o detalhada das finan\u00e7as e da capacidade de pagamento, garantindo o melhor resultado nas negocia\u00e7\u00f5es com o fisco.<\/p><\/div>\n<\/div><\/div>\n\n\n\n<div class=\"wp-block-uagb-container uagb-block-005096f0 alignfull uagb-is-root-container\"><div class=\"uagb-container-inner-blocks-wrap\">\n<div class=\"wp-block-uagb-container uagb-block-52d97e0d\">\n<div data-aos= \"fade-right\" data-aos-duration=\"400\" data-aos-delay=\"0\" data-aos-easing=\"ease\" data-aos-once=\"true\" class=\"wp-block-uagb-image aligncenter uagb-block-126815f6 wp-block-uagb-image--layout-default wp-block-uagb-image--effect-static wp-block-uagb-image--align-center\"><figure class=\"wp-block-uagb-image__figure\"><img decoding=\"async\" srcset=\"https:\/\/fernandesrinhel.com.br\/site\/wp-content\/uploads\/2024\/10\/pgfn-fachada-1024x684.jpg ,https:\/\/fernandesrinhel.com.br\/site\/wp-content\/uploads\/2024\/10\/pgfn-fachada.jpg 780w, https:\/\/fernandesrinhel.com.br\/site\/wp-content\/uploads\/2024\/10\/pgfn-fachada.jpg 360w\" sizes=\"(max-width: 480px) 150px\" src=\"https:\/\/fernandesrinhel.com.br\/site\/wp-content\/uploads\/2024\/10\/pgfn-fachada-1024x684.jpg\" alt=\"\" class=\"uag-image-2303\" width=\"600\" height=\"358\" title=\"\" loading=\"lazy\" role=\"presentation\"\/><\/figure><\/div>\n<\/div>\n\n\n\n<div class=\"wp-block-uagb-container uagb-block-fccc657b\">\n<div data-aos= \"fade-left\" data-aos-duration=\"400\" data-aos-delay=\"0\" data-aos-easing=\"ease\" data-aos-once=\"true\" class=\"wp-block-uagb-advanced-heading uagb-block-07c07b52\"><h2 class=\"uagb-heading-text\"><strong>O Que \u00e9 a Transa\u00e7\u00e3o Tribut\u00e1ria?<\/strong><\/h2><p class=\"uagb-desc-text\">Na <strong>Fernandes Rinhel<\/strong>, entendemos que a regulariza\u00e7\u00e3o de passivos fiscais vai al\u00e9m da redu\u00e7\u00e3o de d\u00edvidas; envolve um planejamento estrat\u00e9gico da sa\u00fade financeira da empresa. Por isso, nossa equipe multidisciplinar de <strong>advogados, contadores e economistas<\/strong> oferece uma abordagem completa e integrada, que inclui uma avalia\u00e7\u00e3o detalhada das finan\u00e7as e da capacidade de pagamento, garantindo o melhor resultado nas negocia\u00e7\u00f5es com o fisco.<\/p><\/div>\n<\/div>\n<\/div><\/div>\n\n\n\n<div class=\"wp-block-uagb-container uagb-block-bebb4e20 alignfull uagb-is-root-container\"><div class=\"uagb-container-inner-blocks-wrap\">\n<div class=\"wp-block-uagb-container uagb-block-6515cccc\">\n<div data-aos= \"slide-right\" data-aos-duration=\"400\" data-aos-delay=\"0\" data-aos-easing=\"ease\" data-aos-once=\"true\" class=\"wp-block-uagb-advanced-heading uagb-block-175f2774\"><h2 class=\"uagb-heading-text\">Nosso Escopo de trabalho<\/h2><p class=\"uagb-desc-text\">A gest\u00e3o de passivos fiscais exige uma compreens\u00e3o ampla e estrat\u00e9gica. Nossa equipe, com s\u00f3lida experi\u00eancia em contabilidade, economia e direito, atua para assegurar que cada cliente receba um plano de regulariza\u00e7\u00e3o eficaz e vantajoso, incluindo:<\/p><\/div>\n<\/div>\n\n\n\n<div class=\"wp-block-uagb-container uagb-block-a1a37158\">\n<div data-aos= \"slide-left\" data-aos-duration=\"400\" data-aos-delay=\"0\" data-aos-easing=\"ease\" data-aos-once=\"true\" class=\"wp-block-uagb-icon-list uagb-block-c96c8651\"><div class=\"uagb-icon-list__wrap\">\n<div class=\"wp-block-uagb-icon-list-child uagb-block-8fc15a62\"><span class=\"uagb-icon-list__source-wrap\"><svg xmlns=\"https:\/\/www.w3.org\/2000\/svg\" viewBox=\"0 0 512 512\"><path d=\"M502.6 278.6l-128 128c-12.51 12.51-32.76 12.49-45.25 0c-12.5-12.5-12.5-32.75 0-45.25L402.8 288H32C14.31 288 0 273.7 0 255.1S14.31 224 32 224h370.8l-73.38-73.38c-12.5-12.5-12.5-32.75 0-45.25s32.75-12.5 45.25 0l128 128C515.1 245.9 515.1 266.1 502.6 278.6z\"><\/path><\/svg><\/span><span class=\"uagb-icon-list__label\"><strong>An\u00e1lise da Sa\u00fade Financeira e Capacidade de Pagamento<\/strong>: Avaliamos a sa\u00fade financeira geral da empresa e, quando necess\u00e1rio, recomendamos uma revis\u00e3o da capacidade de pagamento para garantir acordos sustent\u00e1veis.<\/span><\/div>\n\n\n\n<div class=\"wp-block-uagb-icon-list-child uagb-block-958c4581\"><span class=\"uagb-icon-list__source-wrap\"><svg xmlns=\"https:\/\/www.w3.org\/2000\/svg\" viewBox=\"0 0 512 512\"><path d=\"M502.6 278.6l-128 128c-12.51 12.51-32.76 12.49-45.25 0c-12.5-12.5-12.5-32.75 0-45.25L402.8 288H32C14.31 288 0 273.7 0 255.1S14.31 224 32 224h370.8l-73.38-73.38c-12.5-12.5-12.5-32.75 0-45.25s32.75-12.5 45.25 0l128 128C515.1 245.9 515.1 266.1 502.6 278.6z\"><\/path><\/svg><\/span><span class=\"uagb-icon-list__label\"><strong>Elabora\u00e7\u00e3o de Estrat\u00e9gia para Redu\u00e7\u00e3o de Passivos<\/strong>: Negociamos condi\u00e7\u00f5es que minimizam o impacto no caixa, preservando recursos essenciais para o crescimento do neg\u00f3cio.<\/span><\/div>\n\n\n\n<div class=\"wp-block-uagb-icon-list-child uagb-block-b3093e8a\"><span class=\"uagb-icon-list__source-wrap\"><svg xmlns=\"https:\/\/www.w3.org\/2000\/svg\" viewBox=\"0 0 512 512\"><path d=\"M502.6 278.6l-128 128c-12.51 12.51-32.76 12.49-45.25 0c-12.5-12.5-12.5-32.75 0-45.25L402.8 288H32C14.31 288 0 273.7 0 255.1S14.31 224 32 224h370.8l-73.38-73.38c-12.5-12.5-12.5-32.75 0-45.25s32.75-12.5 45.25 0l128 128C515.1 245.9 515.1 266.1 502.6 278.6z\"><\/path><\/svg><\/span><span class=\"uagb-icon-list__label\"><strong>Solicita\u00e7\u00e3o de Benef\u00edcios e Revis\u00e3o de Condi\u00e7\u00f5es<\/strong>: Solicitamos revis\u00f5es e condi\u00e7\u00f5es especiais junto ao fisco, adequando o acordo \u00e0 realidade financeira do cliente.<\/span><\/div>\n\n\n\n<div class=\"wp-block-uagb-icon-list-child uagb-block-ffd0184b\"><span class=\"uagb-icon-list__source-wrap\"><svg xmlns=\"https:\/\/www.w3.org\/2000\/svg\" viewBox=\"0 0 512 512\"><path d=\"M502.6 278.6l-128 128c-12.51 12.51-32.76 12.49-45.25 0c-12.5-12.5-12.5-32.75 0-45.25L402.8 288H32C14.31 288 0 273.7 0 255.1S14.31 224 32 224h370.8l-73.38-73.38c-12.5-12.5-12.5-32.75 0-45.25s32.75-12.5 45.25 0l128 128C515.1 245.9 515.1 266.1 502.6 278.6z\"><\/path><\/svg><\/span><span class=\"uagb-icon-list__label\"><strong>Defesa Jur\u00eddica e Acompanhamento Completo<\/strong>: Em caso de contencioso, nossa equipe assegura prote\u00e7\u00e3o jur\u00eddica eficaz, acompanhando todos os tr\u00e2mites legais.<\/span><\/div>\n<\/div><\/div>\n<\/div>\n<\/div><\/div>\n\n\n\n<div class=\"wp-block-uagb-container uagb-layout-grid uagb-block-e5c50d49 alignfull uagb-is-root-container\"><div class=\"uagb-container-inner-blocks-wrap\">\n<div data-aos= \"fade-up\" data-aos-duration=\"400\" data-aos-delay=\"0\" data-aos-easing=\"ease\" data-aos-once=\"true\" class=\"wp-block-uagb-image aligncenter uagb-block-0420b850 wp-block-uagb-image--layout-default wp-block-uagb-image--effect-static wp-block-uagb-image--align-center uag-hide-mob\"><figure class=\"wp-block-uagb-image__figure\"><img decoding=\"async\" srcset=\"https:\/\/fernandesrinhel.com.br\/site\/wp-content\/uploads\/2024\/10\/DSC_2795-1024x683.jpg ,https:\/\/fernandesrinhel.com.br\/site\/wp-content\/uploads\/2024\/10\/DSC_2795-scaled.jpg 780w, https:\/\/fernandesrinhel.com.br\/site\/wp-content\/uploads\/2024\/10\/DSC_2795-scaled.jpg 360w\" sizes=\"(max-width: 480px) 150px\" src=\"https:\/\/fernandesrinhel.com.br\/site\/wp-content\/uploads\/2024\/10\/DSC_2795-1024x683.jpg\" alt=\"\" class=\"uag-image-2304\" width=\"600\" height=\"358\" title=\"DSC_2795\" loading=\"lazy\" role=\"img\"\/><\/figure><\/div>\n\n\n\n<div class=\"wp-block-uagb-container uagb-block-633f4776\">\n<div class=\"wp-block-uagb-container uagb-block-51f4b123\">\n<div data-aos= \"fade-up\" data-aos-duration=\"400\" data-aos-delay=\"0\" data-aos-easing=\"ease\" data-aos-once=\"true\" class=\"wp-block-uagb-advanced-heading uagb-block-52e0a264\"><h2 class=\"uagb-heading-text\">Por Que Optar pela Transa\u00e7\u00e3o Tribut\u00e1ria com a Fernandes Rinhel?<\/h2><p class=\"uagb-desc-text\">Nossa abordagem diferenciada garante que a transa\u00e7\u00e3o tribut\u00e1ria seja feita de forma abrangente, visando n\u00e3o apenas o pagamento da d\u00edvida, mas a <strong>preserva\u00e7\u00e3o da sa\u00fade financeira<\/strong> da empresa. Trabalhamos para que cada passo seja conduzido com seguran\u00e7a e transpar\u00eancia, devolvendo ao cliente o controle financeiro e reduzindo riscos de novas pend\u00eancias fiscais.<\/p><\/div>\n<\/div>\n<\/div>\n<\/div><\/div>\n\n\n\n<p><\/p>\n","protected":false},"excerpt":{"rendered":"<p>Transa\u00e7\u00e3o Tribut\u00e1ria e Gest\u00e3o de Passivos Fiscais Entendemos que a regulariza\u00e7\u00e3o de passivos fiscais vai al\u00e9m da redu\u00e7\u00e3o de d\u00edvidas; [&hellip;]<\/p>\n","protected":false},"author":3,"featured_media":0,"parent":0,"menu_order":0,"comment_status":"closed","ping_status":"closed","template":"","meta":{"content-type":"","_uag_custom_page_level_css":"","site-sidebar-layout":"default","site-content-layout":"","ast-site-content-layout":"","site-content-style":"default","site-sidebar-style":"default","ast-global-header-display":"","ast-banner-title-visibility":"disabled","ast-main-header-display":"","ast-hfb-above-header-display":"","ast-hfb-below-header-display":"","ast-hfb-mobile-header-display":"","site-post-title":"","ast-breadcrumbs-content":"","ast-featured-img":"","footer-sml-layout":"","theme-transparent-header-meta":"enabled","adv-header-id-meta":"","stick-header-meta":"","header-above-stick-meta":"","header-main-stick-meta":"","header-below-stick-meta":"","astra-migrate-meta-layouts":"default","ast-page-background-enabled":"default","ast-page-background-meta":{"desktop":{"background-color":"var(--ast-global-color-4)","background-image":"","background-repeat":"repeat","background-position":"center center","background-size":"auto","background-attachment":"scroll","background-type":"","background-media":"","overlay-type":"","overlay-color":"","overlay-opacity":"","overlay-gradient":""},"tablet":{"background-color":"","background-image":"","background-repeat":"repeat","background-position":"center center","background-size":"auto","background-attachment":"scroll","background-type":"","background-media":"","overlay-type":"","overlay-color":"","overlay-opacity":"","overlay-gradient":""},"mobile":{"background-color":"","background-image":"","background-repeat":"repeat","background-position":"center center","background-size":"auto","background-attachment":"scroll","background-type":"","background-media":"","overlay-type":"","overlay-color":"","overlay-opacity":"","overlay-gradient":""}},"ast-content-background-meta":{"desktop":{"background-color":"var(--ast-global-color-5)","background-image":"","background-repeat":"repeat","background-position":"center center","background-size":"auto","background-attachment":"scroll","background-type":"","background-media":"","overlay-type":"","overlay-color":"","overlay-opacity":"","overlay-gradient":""},"tablet":{"background-color":"var(--ast-global-color-5)","background-image":"","background-repeat":"repeat","background-position":"center center","background-size":"auto","background-attachment":"scroll","background-type":"","background-media":"","overlay-type":"","overlay-color":"","overlay-opacity":"","overlay-gradient":""},"mobile":{"background-color":"var(--ast-global-color-5)","background-image":"","background-repeat":"repeat","background-position":"center center","background-size":"auto","background-attachment":"scroll","background-type":"","background-media":"","overlay-type":"","overlay-color":"","overlay-opacity":"","overlay-gradient":""}},"footnotes":""},"class_list":["post-2258","page","type-page","status-publish","hentry"],"uagb_featured_image_src":{"full":false,"thumbnail":false,"medium":false,"medium_large":false,"large":false,"1536x1536":false,"2048x2048":false},"uagb_author_info":{"display_name":"Comercial","author_link":"https:\/\/fernandesrinhel.com.br\/site\/author\/comercial\/"},"uagb_comment_info":0,"uagb_excerpt":"Transa\u00e7\u00e3o Tribut\u00e1ria e Gest\u00e3o de Passivos Fiscais Entendemos que a regulariza\u00e7\u00e3o de passivos fiscais vai al\u00e9m da redu\u00e7\u00e3o de d\u00edvidas; [&hellip;]","_links":{"self":[{"href":"https:\/\/fernandesrinhel.com.br\/site\/wp-json\/wp\/v2\/pages\/2258"}],"collection":[{"href":"https:\/\/fernandesrinhel.com.br\/site\/wp-json\/wp\/v2\/pages"}],"about":[{"href":"https:\/\/fernandesrinhel.com.br\/site\/wp-json\/wp\/v2\/types\/page"}],"author":[{"embeddable":true,"href":"https:\/\/fernandesrinhel.com.br\/site\/wp-json\/wp\/v2\/users\/3"}],"replies":[{"embeddable":true,"href":"https:\/\/fernandesrinhel.com.br\/site\/wp-json\/wp\/v2\/comments?post=2258"}],"version-history":[{"count":23,"href":"https:\/\/fernandesrinhel.com.br\/site\/wp-json\/wp\/v2\/pages\/2258\/revisions"}],"predecessor-version":[{"id":2410,"href":"https:\/\/fernandesrinhel.com.br\/site\/wp-json\/wp\/v2\/pages\/2258\/revisions\/2410"}],"wp:attachment":[{"href":"https:\/\/fernandesrinhel.com.br\/site\/wp-json\/wp\/v2\/media?parent=2258"}],"curies":[{"name":"wp","href":"https:\/\/api.w.org\/{rel}","templated":true}]}}

Transação Tributária e Gestão de Passivos Fiscais

<div data-aos= "flip-down" data-aos-duration="400" data-aos-delay="0" data-aos-easing="ease" data-aos-once="true" class="wp-block-uagb-container uagb-block-8e900e2a alignfull uagb-is-root-container"><div class="uagb-container-inner-blocks-wrap">
<div class="wp-block-uagb-advanced-heading uagb-block-eae04d3f"><div class="uagb-separator"></div><h1 class="uagb-heading-text">Transação Tributária e Gestão de Passivos Fiscais</h1><p class="uagb-desc-text">Entendemos que a regularização de passivos fiscais vai além da redução de dívidas; envolve um planejamento estratégico da<strong> saúde financeira da empresa</strong>. Por isso, nossa equipe multidisciplinar de advogados<strong>, contadores e economistas</strong> oferece uma abordagem completa e integrada, que inclui uma avaliação detalhada das finanças e da capacidade de pagamento, garantindo o melhor resultado nas negociações com o fisco.</p></div>
</div></div>



<div class="wp-block-uagb-container uagb-block-005096f0 alignfull uagb-is-root-container"><div class="uagb-container-inner-blocks-wrap">
<div class="wp-block-uagb-container uagb-block-52d97e0d">
<div data-aos= "fade-right" data-aos-duration="400" data-aos-delay="0" data-aos-easing="ease" data-aos-once="true" class="wp-block-uagb-image aligncenter uagb-block-126815f6 wp-block-uagb-image--layout-default wp-block-uagb-image--effect-static wp-block-uagb-image--align-center"><figure class="wp-block-uagb-image__figure"><img decoding="async" srcset="https://fernandesrinhel.com.br/site/wp-content/uploads/2024/10/pgfn-fachada-1024x684.jpg ,https://fernandesrinhel.com.br/site/wp-content/uploads/2024/10/pgfn-fachada.jpg 780w, https://fernandesrinhel.com.br/site/wp-content/uploads/2024/10/pgfn-fachada.jpg 360w" sizes="(max-width: 480px) 150px" src="https://fernandesrinhel.com.br/site/wp-content/uploads/2024/10/pgfn-fachada-1024x684.jpg" alt="" class="uag-image-2303" width="600" height="358" title="" loading="lazy" role="presentation"/></figure></div>
</div>



<div class="wp-block-uagb-container uagb-block-fccc657b">
<div data-aos= "fade-left" data-aos-duration="400" data-aos-delay="0" data-aos-easing="ease" data-aos-once="true" class="wp-block-uagb-advanced-heading uagb-block-07c07b52"><h2 class="uagb-heading-text"><strong>O Que é a Transação Tributária?</strong></h2><p class="uagb-desc-text">Na <strong>Fernandes Rinhel</strong>, entendemos que a regularização de passivos fiscais vai além da redução de dívidas; envolve um planejamento estratégico da saúde financeira da empresa. Por isso, nossa equipe multidisciplinar de <strong>advogados, contadores e economistas</strong> oferece uma abordagem completa e integrada, que inclui uma avaliação detalhada das finanças e da capacidade de pagamento, garantindo o melhor resultado nas negociações com o fisco.</p></div>
</div>
</div></div>



<div class="wp-block-uagb-container uagb-block-bebb4e20 alignfull uagb-is-root-container"><div class="uagb-container-inner-blocks-wrap">
<div class="wp-block-uagb-container uagb-block-6515cccc">
<div data-aos= "slide-right" data-aos-duration="400" data-aos-delay="0" data-aos-easing="ease" data-aos-once="true" class="wp-block-uagb-advanced-heading uagb-block-175f2774"><h2 class="uagb-heading-text">Nosso Escopo de trabalho</h2><p class="uagb-desc-text">A gestão de passivos fiscais exige uma compreensão ampla e estratégica. Nossa equipe, com sólida experiência em contabilidade, economia e direito, atua para assegurar que cada cliente receba um plano de regularização eficaz e vantajoso, incluindo:</p></div>
</div>



<div class="wp-block-uagb-container uagb-block-a1a37158">
<div data-aos= "slide-left" data-aos-duration="400" data-aos-delay="0" data-aos-easing="ease" data-aos-once="true" class="wp-block-uagb-icon-list uagb-block-c96c8651"><div class="uagb-icon-list__wrap">
<div class="wp-block-uagb-icon-list-child uagb-block-8fc15a62"><span class="uagb-icon-list__source-wrap"><svg xmlns="https://www.w3.org/2000/svg" viewBox="0 0 512 512"><path d="M502.6 278.6l-128 128c-12.51 12.51-32.76 12.49-45.25 0c-12.5-12.5-12.5-32.75 0-45.25L402.8 288H32C14.31 288 0 273.7 0 255.1S14.31 224 32 224h370.8l-73.38-73.38c-12.5-12.5-12.5-32.75 0-45.25s32.75-12.5 45.25 0l128 128C515.1 245.9 515.1 266.1 502.6 278.6z"></path></svg></span><span class="uagb-icon-list__label"><strong>Análise da Saúde Financeira e Capacidade de Pagamento</strong>: Avaliamos a saúde financeira geral da empresa e, quando necessário, recomendamos uma revisão da capacidade de pagamento para garantir acordos sustentáveis.</span></div>



<div class="wp-block-uagb-icon-list-child uagb-block-958c4581"><span class="uagb-icon-list__source-wrap"><svg xmlns="https://www.w3.org/2000/svg" viewBox="0 0 512 512"><path d="M502.6 278.6l-128 128c-12.51 12.51-32.76 12.49-45.25 0c-12.5-12.5-12.5-32.75 0-45.25L402.8 288H32C14.31 288 0 273.7 0 255.1S14.31 224 32 224h370.8l-73.38-73.38c-12.5-12.5-12.5-32.75 0-45.25s32.75-12.5 45.25 0l128 128C515.1 245.9 515.1 266.1 502.6 278.6z"></path></svg></span><span class="uagb-icon-list__label"><strong>Elaboração de Estratégia para Redução de Passivos</strong>: Negociamos condições que minimizam o impacto no caixa, preservando recursos essenciais para o crescimento do negócio.</span></div>



<div class="wp-block-uagb-icon-list-child uagb-block-b3093e8a"><span class="uagb-icon-list__source-wrap"><svg xmlns="https://www.w3.org/2000/svg" viewBox="0 0 512 512"><path d="M502.6 278.6l-128 128c-12.51 12.51-32.76 12.49-45.25 0c-12.5-12.5-12.5-32.75 0-45.25L402.8 288H32C14.31 288 0 273.7 0 255.1S14.31 224 32 224h370.8l-73.38-73.38c-12.5-12.5-12.5-32.75 0-45.25s32.75-12.5 45.25 0l128 128C515.1 245.9 515.1 266.1 502.6 278.6z"></path></svg></span><span class="uagb-icon-list__label"><strong>Solicitação de Benefícios e Revisão de Condições</strong>: Solicitamos revisões e condições especiais junto ao fisco, adequando o acordo à realidade financeira do cliente.</span></div>



<div class="wp-block-uagb-icon-list-child uagb-block-ffd0184b"><span class="uagb-icon-list__source-wrap"><svg xmlns="https://www.w3.org/2000/svg" viewBox="0 0 512 512"><path d="M502.6 278.6l-128 128c-12.51 12.51-32.76 12.49-45.25 0c-12.5-12.5-12.5-32.75 0-45.25L402.8 288H32C14.31 288 0 273.7 0 255.1S14.31 224 32 224h370.8l-73.38-73.38c-12.5-12.5-12.5-32.75 0-45.25s32.75-12.5 45.25 0l128 128C515.1 245.9 515.1 266.1 502.6 278.6z"></path></svg></span><span class="uagb-icon-list__label"><strong>Defesa Jurídica e Acompanhamento Completo</strong>: Em caso de contencioso, nossa equipe assegura proteção jurídica eficaz, acompanhando todos os trâmites legais.</span></div>
</div></div>
</div>
</div></div>



<div class="wp-block-uagb-container uagb-layout-grid uagb-block-e5c50d49 alignfull uagb-is-root-container"><div class="uagb-container-inner-blocks-wrap">
<div data-aos= "fade-up" data-aos-duration="400" data-aos-delay="0" data-aos-easing="ease" data-aos-once="true" class="wp-block-uagb-image aligncenter uagb-block-0420b850 wp-block-uagb-image--layout-default wp-block-uagb-image--effect-static wp-block-uagb-image--align-center uag-hide-mob"><figure class="wp-block-uagb-image__figure"><img decoding="async" srcset="https://fernandesrinhel.com.br/site/wp-content/uploads/2024/10/DSC_2795-1024x683.jpg ,https://fernandesrinhel.com.br/site/wp-content/uploads/2024/10/DSC_2795-scaled.jpg 780w, https://fernandesrinhel.com.br/site/wp-content/uploads/2024/10/DSC_2795-scaled.jpg 360w" sizes="(max-width: 480px) 150px" src="https://fernandesrinhel.com.br/site/wp-content/uploads/2024/10/DSC_2795-1024x683.jpg" alt="" class="uag-image-2304" width="600" height="358" title="DSC_2795" loading="lazy" role="img"/></figure></div>



<div class="wp-block-uagb-container uagb-block-633f4776">
<div class="wp-block-uagb-container uagb-block-51f4b123">
<div data-aos= "fade-up" data-aos-duration="400" data-aos-delay="0" data-aos-easing="ease" data-aos-once="true" class="wp-block-uagb-advanced-heading uagb-block-52e0a264"><h2 class="uagb-heading-text">Por Que Optar pela Transação Tributária com a Fernandes Rinhel?</h2><p class="uagb-desc-text">Nossa abordagem diferenciada garante que a transação tributária seja feita de forma abrangente, visando não apenas o pagamento da dívida, mas a <strong>preservação da saúde financeira</strong> da empresa. Trabalhamos para que cada passo seja conduzido com segurança e transparência, devolvendo ao cliente o controle financeiro e reduzindo riscos de novas pendências fiscais.</p></div>
</div>
</div>
</div></div>



<p></p>

<p>Transação Tributária e Gestão de Passivos Fiscais Entendemos que a regularização de passivos fiscais vai além da redução de dívidas; [&hellip;]</p>

Transação Tributária e Gestão de Passivos Fiscais Entendemos que a regularização de passivos fiscais vai além da redução de dívidas; [&hellip;]
