{"id":1470,"date":"2024-05-22T10:49:09","date_gmt":"2024-05-22T13:49:09","guid":{"rendered":"https:\/\/fernandesrinhel.com.br\/site\/?page_id=1470"},"modified":"2024-08-09T13:44:03","modified_gmt":"2024-08-09T16:44:03","slug":"divida-tributaria","status":"publish","type":"page","link":"https:\/\/fernandesrinhel.com.br\/site\/divida-tributaria\/","title":{"rendered":"D\u00edvida Tribut\u00e1ria"},"content":{"rendered":"<div class=\"wpb-content-wrapper\"><p>[vc_row css_animation=&#8221;&#8221; row_type=&#8221;row&#8221; use_row_as_full_screen_section=&#8221;no&#8221; type=&#8221;full_width&#8221; angled_section=&#8221;no&#8221; text_align=&#8221;center&#8221; background_image_as_pattern=&#8221;without_pattern&#8221; z_index=&#8221;&#8221; css=&#8221;.vc_custom_1721941005641{background-image: url(https:\/\/fernandesrinhel.com.br\/site\/wp-content\/uploads\/2024\/07\/Inserir-um-titulo-12.png?id=1911) !important;}&#8221;][vc_column offset=&#8221;vc_hidden-xs&#8221;][vc_empty_space height=&#8221;55px&#8221;][vc_column_text]<a href=\"https:\/\/www.fernandesrinhel.com.br\/site\" target=\"_blank\" rel=\"noopener\"><img loading=\"lazy\" decoding=\"async\" class=\"wp-image-373 aligncenter\" src=\"https:\/\/fernandesrinhel.com.br\/site\/wp-content\/uploads\/2019\/11\/logo500-fernandes-rinhel-pb-300x81.png\" alt=\"\" width=\"404\" height=\"109\" srcset=\"https:\/\/fernandesrinhel.com.br\/site\/wp-content\/uploads\/2019\/11\/logo500-fernandes-rinhel-pb-300x81.png 300w, https:\/\/fernandesrinhel.com.br\/site\/wp-content\/uploads\/2019\/11\/logo500-fernandes-rinhel-pb.png 500w\" sizes=\"(max-width: 404px) 100vw, 404px\" \/><\/a>[\/vc_column_text][vc_column_text css=&#8221;.vc_custom_1721668593760{padding-right: 30px !important;padding-left: 30px !important;}&#8221;]<\/p>\n<h1 style=\"text-align: center;\"><strong><span style=\"color: #ffffff;\">A maneira mais r\u00e1pida de resolver as suas d\u00edvidas tribut\u00e1rias!\u00a0<\/span><\/strong><\/h1>\n<p>[\/vc_column_text][vc_empty_space height=&#8221;20px&#8221;][vc_column_text css=&#8221;.vc_custom_1721668394288{padding-right: 30px !important;padding-left: 30px !important;}&#8221;]<\/p>\n<h2 style=\"text-align: center;\"><span style=\"color: #ffffff;\">Consulte nossos especialistas e garanta os melhores descontos<\/span><\/h2>\n<p>[\/vc_column_text][vc_empty_space height=&#8221;30px&#8221;][vc_video link=&#8221;https:\/\/youtu.be\/8UgMMY7VtZo&#8221; el_width=&#8221;50&#8243; align=&#8221;center&#8221;][vc_empty_space height=&#8221;50px&#8221;][button target=&#8221;_self&#8221; hover_type=&#8221;enlarge&#8221; text=&#8221;AGENDE AGORA SUA REUNI\u00c3O GRATUITA DE NEGOCIA\u00c7\u00c3O DE D\u00cdVIDAS&#8221; link=&#8221;https:\/\/fernandesrinhel.com.br\/site\/divida-tributaria#formulario&#8221; color=&#8221;#ffffff&#8221; hover_color=&#8221;#003dc1&#8243; background_color=&#8221;#3370e0&#8243; hover_background_color=&#8221;#ffffff&#8221; border_color=&#8221;#ffffff&#8221; hover_border_color=&#8221;#ffffff&#8221;][vc_empty_space height=&#8221;50px&#8221;][\/vc_column][\/vc_row][vc_row css_animation=&#8221;&#8221; row_type=&#8221;row&#8221; use_row_as_full_screen_section=&#8221;no&#8221; type=&#8221;full_width&#8221; angled_section=&#8221;no&#8221; text_align=&#8221;center&#8221; background_image_as_pattern=&#8221;without_pattern&#8221; z_index=&#8221;&#8221; css=&#8221;.vc_custom_1721941005641{background-image: url(https:\/\/fernandesrinhel.com.br\/site\/wp-content\/uploads\/2024\/07\/Inserir-um-titulo-12.png?id=1911) !important;}&#8221;][vc_column offset=&#8221;vc_hidden-lg vc_hidden-md vc_hidden-sm&#8221;][vc_empty_space height=&#8221;45px&#8221;][vc_column_text]<a href=\"https:\/\/www.fernandesrinhel.com.br\/site\" target=\"_blank\" rel=\"noopener\"><img loading=\"lazy\" decoding=\"async\" class=\"wp-image-373 aligncenter\" src=\"https:\/\/fernandesrinhel.com.br\/site\/wp-content\/uploads\/2019\/11\/logo500-fernandes-rinhel-pb-300x81.png\" alt=\"\" width=\"404\" height=\"109\" srcset=\"https:\/\/fernandesrinhel.com.br\/site\/wp-content\/uploads\/2019\/11\/logo500-fernandes-rinhel-pb-300x81.png 300w, https:\/\/fernandesrinhel.com.br\/site\/wp-content\/uploads\/2019\/11\/logo500-fernandes-rinhel-pb.png 500w\" sizes=\"(max-width: 404px) 100vw, 404px\" \/><\/a>[\/vc_column_text][vc_empty_space height=&#8221;22px&#8221;][vc_column_text css=&#8221;.vc_custom_1721668593760{padding-right: 30px !important;padding-left: 30px !important;}&#8221;]<\/p>\n<h1 style=\"text-align: center;\"><strong><span style=\"color: #ffffff;\">A maneira mais r\u00e1pida de resolver as suas d\u00edvidas tribut\u00e1rias!\u00a0<\/span><\/strong><\/h1>\n<p>[\/vc_column_text][vc_empty_space height=&#8221;22px&#8221;][vc_column_text css=&#8221;.vc_custom_1721668394288{padding-right: 30px !important;padding-left: 30px !important;}&#8221;]<\/p>\n<h2 style=\"text-align: center;\"><span style=\"color: #ffffff;\">Consulte nossos especialistas e garanta os melhores descontos<\/span><\/h2>\n<p>[\/vc_column_text][vc_empty_space height=&#8221;50px&#8221;][vc_video link=&#8221;https:\/\/youtu.be\/8UgMMY7VtZo&#8221; el_width=&#8221;80&#8243; align=&#8221;center&#8221;][vc_empty_space height=&#8221;50px&#8221;][button size=&#8221;medium&#8221; target=&#8221;_self&#8221; hover_type=&#8221;enlarge&#8221; text=&#8221;AGENDE AGORA SUA REUNI\u00c3O GRATUITA&#8221; link=&#8221;https:\/\/fernandesrinhel.com.br\/site\/divida-tributaria#formulario&#8221; color=&#8221;#ffffff&#8221; hover_color=&#8221;#003dc1&#8243; background_color=&#8221;#3370e0&#8243; hover_background_color=&#8221;#ffffff&#8221; border_color=&#8221;#ffffff&#8221; hover_border_color=&#8221;#ffffff&#8221;][vc_empty_space height=&#8221;50px&#8221;][\/vc_column][\/vc_row][vc_row css_animation=&#8221;&#8221; row_type=&#8221;row&#8221; use_row_as_full_screen_section=&#8221;no&#8221; type=&#8221;grid&#8221; angled_section=&#8221;no&#8221; text_align=&#8221;center&#8221; background_image_as_pattern=&#8221;without_pattern&#8221; z_index=&#8221;&#8221; css=&#8221;.vc_custom_1721942970715{background-color: #fff8ee !important;}&#8221;][vc_column offset=&#8221;vc_hidden-xs&#8221;][vc_empty_space height=&#8221;55px&#8221;][vc_column_text]<\/p>\n<h1 style=\"text-align: center;\"><span style=\"color: #07285e;\"><strong>Voc\u00ea est\u00e1 buscando regularizar suas d\u00edvidas tribut\u00e1rias?<\/strong><\/span><\/h1>\n<p>[\/vc_column_text][vc_empty_space height=&#8221;20px&#8221;][vc_separator type=&#8221;normal&#8221; color=&#8221;#07285e&#8221;][vc_empty_space height=&#8221;20px&#8221;][vc_column_text css=&#8221;.vc_custom_1721942800900{padding-right: 30px !important;padding-left: 30px !important;}&#8221;]<\/p>\n<h2 class=\"p1\" style=\"text-align: center;\"><span style=\"color: #07285e;\">A transa\u00e7\u00e3o tribut\u00e1ria vai al\u00e9m de simplesmente dividir o d\u00e9bito em parcelas. Ela permite\u00a0<strong>negocia\u00e7\u00f5es diretas com o Fisco<\/strong>, oferecendo a chance de obter\u00a0<strong>descontos<\/strong>,\u00a0<strong>prazos diferenciados<\/strong>\u00a0e outras condi\u00e7\u00f5es especiais para a\u00a0<strong>quita\u00e7\u00e3o de d\u00edvidas tribut\u00e1rias<\/strong>.<\/span><\/h2>\n<p>[\/vc_column_text][vc_empty_space height=&#8221;20px&#8221;][vc_column_text css=&#8221;.vc_custom_1721942810961{padding-right: 30px !important;padding-left: 30px !important;}&#8221;]<\/p>\n<h2 class=\"p1\" style=\"text-align: center;\"><span style=\"color: #07285e;\">Ignorar as peculiaridades da transa\u00e7\u00e3o pode resultar em surpresas indesejadas no futuro e na perda de\u00a0<strong>vantagens significativas<\/strong>.<\/span><\/h2>\n<p>[\/vc_column_text][vc_empty_space height=&#8221;20px&#8221;][vc_column_text css=&#8221;.vc_custom_1721942820802{padding-right: 30px !important;padding-left: 30px !important;}&#8221;]<\/p>\n<h2 class=\"p1\" style=\"text-align: center;\"><span style=\"color: #07285e;\"><strong>Portanto, \u00e9 essencial considerar a transa\u00e7\u00e3o tribut\u00e1ria como a melhor alternativa para regularizar sua situa\u00e7\u00e3o fiscal de maneira mais vantajosa.<\/strong><\/span><\/h2>\n<p>[\/vc_column_text][vc_empty_space height=&#8221;20px&#8221;][vc_column_text css=&#8221;.vc_custom_1721942831578{padding-right: 30px !important;padding-left: 30px !important;}&#8221;]<\/p>\n<div class=\"wpb_text_column wpb_content_element vc_custom_1721937016693\">\n<div class=\"wpb_wrapper\">\n<h2 class=\"p1\" style=\"text-align: center;\"><span style=\"color: #07285e;\"><strong>Nossa equipe especializada est\u00e1 aqui para orient\u00e1-lo em todo o processo, para que voc\u00ea n\u00e3o tenha que se preocupar com nada.<\/strong><\/span><\/h2>\n<\/div>\n<\/div>\n<div class=\"vc_empty_space\"><\/div>\n<p>[\/vc_column_text][vc_empty_space height=&#8221;50px&#8221;][\/vc_column][\/vc_row][vc_row css_animation=&#8221;&#8221; row_type=&#8221;row&#8221; use_row_as_full_screen_section=&#8221;no&#8221; type=&#8221;full_width&#8221; angled_section=&#8221;no&#8221; text_align=&#8221;center&#8221; background_image_as_pattern=&#8221;without_pattern&#8221; z_index=&#8221;&#8221; css=&#8221;.vc_custom_1721943199164{background-color: #fff8ee !important;}&#8221;][vc_column offset=&#8221;vc_hidden-lg vc_hidden-md vc_hidden-sm&#8221;][vc_empty_space height=&#8221;55px&#8221;][vc_column_text]<\/p>\n<h2 style=\"text-align: center;\"><span style=\"color: #07285e;\"><strong>Voc\u00ea est\u00e1 buscando regularizar suas d\u00edvidas tribut\u00e1rias?<\/strong><\/span><\/h2>\n<p>[\/vc_column_text][vc_empty_space height=&#8221;20px&#8221;][vc_separator type=&#8221;small&#8221; position=&#8221;center&#8221; color=&#8221;#07285e&#8221; width=&#8221;70&#8243; width_in_percentages=&#8221;yes&#8221;][vc_empty_space height=&#8221;20px&#8221;][vc_column_text css=&#8221;.vc_custom_1721943129607{padding-right: 30px !important;padding-left: 30px !important;}&#8221;]<\/p>\n<h3 class=\"p1\" style=\"text-align: center;\"><span style=\"color: #07285e;\">A transa\u00e7\u00e3o tribut\u00e1ria vai al\u00e9m de simplesmente dividir o d\u00e9bito em parcelas. Ela permite\u00a0<strong>negocia\u00e7\u00f5es diretas com o Fisco<\/strong>, oferecendo a chance de obter\u00a0<strong>descontos<\/strong>,\u00a0<strong>prazos diferenciados<\/strong>\u00a0e outras condi\u00e7\u00f5es especiais para a\u00a0<strong>quita\u00e7\u00e3o de d\u00edvidas tribut\u00e1rias<\/strong>.<\/span><\/h3>\n<p>[\/vc_column_text][vc_empty_space height=&#8221;20px&#8221;][vc_column_text css=&#8221;.vc_custom_1721943138951{padding-right: 30px !important;padding-left: 30px !important;}&#8221;]<\/p>\n<h3 class=\"p1\" style=\"text-align: center;\"><span style=\"color: #07285e;\">Ignorar as peculiaridades da transa\u00e7\u00e3o pode resultar em surpresas indesejadas no futuro e na perda de\u00a0<strong>vantagens significativas<\/strong>.<\/span><\/h3>\n<p>[\/vc_column_text][vc_empty_space height=&#8221;20px&#8221;][vc_column_text css=&#8221;.vc_custom_1721943147617{padding-right: 30px !important;padding-left: 30px !important;}&#8221;]<\/p>\n<h3 class=\"p1\" style=\"text-align: center;\"><span style=\"color: #07285e;\"><strong>Portanto, \u00e9 essencial considerar a transa\u00e7\u00e3o tribut\u00e1ria como a melhor alternativa para regularizar sua situa\u00e7\u00e3o fiscal de maneira mais vantajosa.<\/strong><\/span><\/h3>\n<p>[\/vc_column_text][vc_empty_space height=&#8221;20px&#8221;][vc_column_text css=&#8221;.vc_custom_1721943154829{padding-right: 30px !important;padding-left: 30px !important;}&#8221;]<\/p>\n<div class=\"wpb_text_column wpb_content_element vc_custom_1721937016693\">\n<div class=\"wpb_wrapper\">\n<h3 class=\"p1\" style=\"text-align: center;\"><span style=\"color: #07285e;\"><strong>Nossa equipe especializada est\u00e1 aqui para orient\u00e1-lo em todo o processo, para que voc\u00ea n\u00e3o tenha que se preocupar com nada.<\/strong><\/span><\/h3>\n<\/div>\n<\/div>\n<div class=\"vc_empty_space\"><\/div>\n<p>[\/vc_column_text][vc_empty_space height=&#8221;50px&#8221;][\/vc_column][\/vc_row][vc_row css_animation=&#8221;&#8221; row_type=&#8221;row&#8221; use_row_as_full_screen_section=&#8221;no&#8221; type=&#8221;full_width&#8221; angled_section=&#8221;no&#8221; text_align=&#8221;center&#8221; background_image_as_pattern=&#8221;without_pattern&#8221; css=&#8221;.vc_custom_1721937728795{background-image: url(https:\/\/fernandesrinhel.com.br\/site\/wp-content\/uploads\/2024\/07\/Inserir-um-titulo-11.png?id=1902) !important;}&#8221; z_index=&#8221;&#8221;][vc_column offset=&#8221;vc_hidden-xs&#8221;][vc_empty_space height=&#8221;30px&#8221;][vc_column_text]<\/p>\n<h1 style=\"text-align: center;\"><strong><span style=\"color: #ffffff;\">POR QUE NOSSOS CLIENTES ADORAM TRABALHAR CONOSCO<\/span><\/strong><\/h1>\n<p>[\/vc_column_text][vc_empty_space height=&#8221;100px&#8221;][vc_empty_space height=&#8221;140px&#8221;][vc_empty_space height=&#8221;180px&#8221;][vc_empty_space height=&#8221;190px&#8221;][vc_empty_space height=&#8221;70px&#8221;][button target=&#8221;_self&#8221; hover_type=&#8221;default&#8221; text=&#8221;AGENDE AGORA SUA REUNI\u00c3O GRATUITA DE NEGOCIA\u00c7\u00c3O DE D\u00cdVIDAS&#8221; link=&#8221;https:\/\/fernandesrinhel.com.br\/site\/divida-tributaria#formulario&#8221; color=&#8221;#ffffff&#8221; hover_color=&#8221;#003dc1&#8243; background_color=&#8221;#3370e0&#8243; hover_background_color=&#8221;#ffffff&#8221; border_color=&#8221;#ffffff&#8221; hover_border_color=&#8221;#ffffff&#8221;][vc_empty_space height=&#8221;50px&#8221;][\/vc_column][\/vc_row][vc_row css_animation=&#8221;&#8221; row_type=&#8221;row&#8221; use_row_as_full_screen_section=&#8221;no&#8221; type=&#8221;full_width&#8221; angled_section=&#8221;no&#8221; text_align=&#8221;center&#8221; background_image_as_pattern=&#8221;without_pattern&#8221; css=&#8221;.vc_custom_1721946900347{background-image: url(https:\/\/fernandesrinhel.com.br\/site\/wp-content\/uploads\/2024\/07\/Inserir-um-titulo-18.png?id=2003) !important;}&#8221; z_index=&#8221;&#8221;][vc_column offset=&#8221;vc_hidden-lg vc_hidden-md vc_hidden-sm&#8221;][vc_empty_space height=&#8221;20px&#8221;][vc_column_text]<\/p>\n<h1 style=\"text-align: center;\"><strong><span style=\"color: #ffffff;\">POR QUE NOSSOS CLIENTES ADORAM TRABALHAR CONOSCO<\/span><\/strong><\/h1>\n<p>[\/vc_column_text][vc_empty_space height=&#8221;60px&#8221;][vc_empty_space height=&#8221;140px&#8221;][vc_empty_space height=&#8221;230px&#8221;][vc_empty_space height=&#8221;190px&#8221;][vc_empty_space height=&#8221;35px&#8221;][button target=&#8221;_self&#8221; hover_type=&#8221;default&#8221; text=&#8221;AGENDE AGORA SUA REUNI\u00c3O GRATUITA&#8221; link=&#8221;https:\/\/fernandesrinhel.com.br\/site\/divida-tributaria#formulario&#8221; color=&#8221;#ffffff&#8221; hover_color=&#8221;#003dc1&#8243; background_color=&#8221;#3370e0&#8243; hover_background_color=&#8221;#ffffff&#8221; border_color=&#8221;#ffffff&#8221; hover_border_color=&#8221;#ffffff&#8221;][vc_empty_space height=&#8221;50px&#8221;][\/vc_column][\/vc_row][vc_row css_animation=&#8221;&#8221; row_type=&#8221;row&#8221; use_row_as_full_screen_section=&#8221;no&#8221; type=&#8221;full_width&#8221; angled_section=&#8221;no&#8221; text_align=&#8221;center&#8221; background_image_as_pattern=&#8221;without_pattern&#8221; css=&#8221;.vc_custom_1723221632484{background-color: #173763 !important;}&#8221; z_index=&#8221;&#8221; el_id=&#8221;formulario&#8221;][vc_column width=&#8221;1\/3&#8243; offset=&#8221;vc_hidden-xs&#8221;][vc_empty_space][\/vc_column][vc_column width=&#8221;1\/3&#8243; el_id=&#8221;formulario&#8221;][vc_empty_space height=&#8221;22px&#8221;][vc_column_text]<\/p>\n<div id=\"form-transacao-ba7f3ccf18f26f1505d9\" role=\"main\"><\/div>\n<p><script type=\"text\/javascript\" src=\"https:\/\/d335luupugsy2.cloudfront.net\/js\/rdstation-forms\/stable\/rdstation-forms.min.js\"><\/script><script type=\"text\/javascript\"> new RDStationForms('form-transacao-ba7f3ccf18f26f1505d9', 'null').createForm();<\/script>[\/vc_column_text][vc_empty_space height=&#8221;22px&#8221;][\/vc_column][vc_column width=&#8221;1\/3&#8243;][vc_empty_space][\/vc_column][\/vc_row][vc_row css_animation=&#8221;&#8221; row_type=&#8221;row&#8221; use_row_as_full_screen_section=&#8221;no&#8221; type=&#8221;full_width&#8221; angled_section=&#8221;no&#8221; text_align=&#8221;left&#8221; background_image_as_pattern=&#8221;without_pattern&#8221;][vc_column offset=&#8221;vc_hidden-xs&#8221;][vc_gallery type=&#8221;image_grid&#8221; images=&#8221;746,753,752,836&#8243; img_size=&#8221;500&#215;500&#8243; column_number=&#8221;4&#8243; grayscale=&#8221;no&#8221; images_space=&#8221;gallery_with_space&#8221;][\/vc_column][\/vc_row][vc_row css_animation=&#8221;&#8221; row_type=&#8221;row&#8221; use_row_as_full_screen_section=&#8221;no&#8221; type=&#8221;full_width&#8221; angled_section=&#8221;no&#8221; text_align=&#8221;left&#8221; background_image_as_pattern=&#8221;without_pattern&#8221;][vc_column offset=&#8221;vc_hidden-lg vc_hidden-md vc_hidden-sm&#8221;][vc_gallery type=&#8221;image_grid&#8221; images=&#8221;746,753,752,836&#8243; img_size=&#8221;500&#215;500&#8243; column_number=&#8221;4&#8243; grayscale=&#8221;no&#8221; images_space=&#8221;gallery_with_space&#8221;][\/vc_column][\/vc_row][vc_row css_animation=&#8221;&#8221; row_type=&#8221;row&#8221; use_row_as_full_screen_section=&#8221;no&#8221; type=&#8221;full_width&#8221; angled_section=&#8221;no&#8221; text_align=&#8221;left&#8221; background_image_as_pattern=&#8221;without_pattern&#8221;][vc_column][\/vc_column][\/vc_row]<\/p>\n<\/div>","protected":false},"excerpt":{"rendered":"<p>[vc_row css_animation=&#8221;&#8221; row_type=&#8221;row&#8221; use_row_as_full_screen_section=&#8221;no&#8221; type=&#8221;full_width&#8221; angled_section=&#8221;no&#8221; text_align=&#8221;center&#8221; background_image_as_pattern=&#8221;without_pattern&#8221; z_index=&#8221;&#8221; css=&#8221;.vc_custom_1721941005641{background-image: url(https:\/\/fernandesrinhel.com.br\/site\/wp-content\/uploads\/2024\/07\/Inserir-um-titulo-12.png?id=1911) !important;}&#8221;][vc_column offset=&#8221;vc_hidden-xs&#8221;][vc_empty_space height=&#8221;55px&#8221;][vc_column_text][\/vc_column_text][vc_column_text css=&#8221;.vc_custom_1721668593760{padding-right: 30px !important;padding-left: 30px !important;}&#8221;] A [&hellip;]<\/p>\n","protected":false},"author":1,"featured_media":0,"parent":0,"menu_order":0,"comment_status":"closed","ping_status":"closed","template":"landing_page.php","meta":{"content-type":"","_uag_custom_page_level_css":"","site-sidebar-layout":"no-sidebar","site-content-layout":"plain-container","ast-site-content-layout":"","site-content-style":"default","site-sidebar-style":"default","ast-global-header-display":"","ast-banner-title-visibility":"","ast-main-header-display":"","ast-hfb-above-header-display":"","ast-hfb-below-header-display":"","ast-hfb-mobile-header-display":"","site-post-title":"disabled","ast-breadcrumbs-content":"","ast-featured-img":"disabled","footer-sml-layout":"","theme-transparent-header-meta":"","adv-header-id-meta":"","stick-header-meta":"","header-above-stick-meta":"","header-main-stick-meta":"","header-below-stick-meta":"","astra-migrate-meta-layouts":"default","ast-page-background-enabled":"default","ast-page-background-meta":{"desktop":{"background-color":"var(--ast-global-color-4)","background-image":"","background-repeat":"repeat","background-position":"center center","background-size":"auto","background-attachment":"scroll","background-type":"","background-media":"","overlay-type":"","overlay-color":"","overlay-opacity":"","overlay-gradient":""},"tablet":{"background-color":"","background-image":"","background-repeat":"repeat","background-position":"center center","background-size":"auto","background-attachment":"scroll","background-type":"","background-media":"","overlay-type":"","overlay-color":"","overlay-opacity":"","overlay-gradient":""},"mobile":{"background-color":"","background-image":"","background-repeat":"repeat","background-position":"center center","background-size":"auto","background-attachment":"scroll","background-type":"","background-media":"","overlay-type":"","overlay-color":"","overlay-opacity":"","overlay-gradient":""}},"ast-content-background-meta":{"desktop":{"background-color":"var(--ast-global-color-5)","background-image":"","background-repeat":"repeat","background-position":"center center","background-size":"auto","background-attachment":"scroll","background-type":"","background-media":"","overlay-type":"","overlay-color":"","overlay-opacity":"","overlay-gradient":""},"tablet":{"background-color":"var(--ast-global-color-5)","background-image":"","background-repeat":"repeat","background-position":"center center","background-size":"auto","background-attachment":"scroll","background-type":"","background-media":"","overlay-type":"","overlay-color":"","overlay-opacity":"","overlay-gradient":""},"mobile":{"background-color":"var(--ast-global-color-5)","background-image":"","background-repeat":"repeat","background-position":"center center","background-size":"auto","background-attachment":"scroll","background-type":"","background-media":"","overlay-type":"","overlay-color":"","overlay-opacity":"","overlay-gradient":""}},"footnotes":""},"class_list":["post-1470","page","type-page","status-publish","hentry"],"uagb_featured_image_src":{"full":false,"thumbnail":false,"medium":false,"medium_large":false,"large":false,"1536x1536":false,"2048x2048":false},"uagb_author_info":{"display_name":"suporte","author_link":"https:\/\/fernandesrinhel.com.br\/site\/author\/suporte\/"},"uagb_comment_info":0,"uagb_excerpt":"[vc_row css_animation=&#8221;&#8221; row_type=&#8221;row&#8221; use_row_as_full_screen_section=&#8221;no&#8221; type=&#8221;full_width&#8221; angled_section=&#8221;no&#8221; text_align=&#8221;center&#8221; background_image_as_pattern=&#8221;without_pattern&#8221; z_index=&#8221;&#8221; css=&#8221;.vc_custom_1721941005641{background-image: url(https:\/\/fernandesrinhel.com.br\/site\/wp-content\/uploads\/2024\/07\/Inserir-um-titulo-12.png?id=1911) !important;}&#8221;][vc_column offset=&#8221;vc_hidden-xs&#8221;][vc_empty_space height=&#8221;55px&#8221;][vc_column_text][\/vc_column_text][vc_column_text css=&#8221;.vc_custom_1721668593760{padding-right: 30px !important;padding-left: 30px !important;}&#8221;] A [&hellip;]","_links":{"self":[{"href":"https:\/\/fernandesrinhel.com.br\/site\/wp-json\/wp\/v2\/pages\/1470"}],"collection":[{"href":"https:\/\/fernandesrinhel.com.br\/site\/wp-json\/wp\/v2\/pages"}],"about":[{"href":"https:\/\/fernandesrinhel.com.br\/site\/wp-json\/wp\/v2\/types\/page"}],"author":[{"embeddable":true,"href":"https:\/\/fernandesrinhel.com.br\/site\/wp-json\/wp\/v2\/users\/1"}],"replies":[{"embeddable":true,"href":"https:\/\/fernandesrinhel.com.br\/site\/wp-json\/wp\/v2\/comments?post=1470"}],"version-history":[{"count":173,"href":"https:\/\/fernandesrinhel.com.br\/site\/wp-json\/wp\/v2\/pages\/1470\/revisions"}],"predecessor-version":[{"id":2055,"href":"https:\/\/fernandesrinhel.com.br\/site\/wp-json\/wp\/v2\/pages\/1470\/revisions\/2055"}],"wp:attachment":[{"href":"https:\/\/fernandesrinhel.com.br\/site\/wp-json\/wp\/v2\/media?parent=1470"}],"curies":[{"name":"wp","href":"https:\/\/api.w.org\/{rel}","templated":true}]}}