{"id":1038,"date":"2023-02-01T09:16:31","date_gmt":"2023-02-01T11:16:31","guid":{"rendered":"https:\/\/fernandesrinhel.com.br\/site\/?page_id=1038"},"modified":"2023-05-16T17:56:37","modified_gmt":"2023-05-16T20:56:37","slug":"investimento","status":"publish","type":"page","link":"https:\/\/fernandesrinhel.com.br\/site\/investimento\/","title":{"rendered":"Investimento"},"content":{"rendered":"<div class=\"wpb-content-wrapper\"><p>[vc_row css_animation=&#8221;&#8221; row_type=&#8221;row&#8221; use_row_as_full_screen_section=&#8221;no&#8221; type=&#8221;full_width&#8221; angled_section=&#8221;no&#8221; text_align=&#8221;left&#8221; background_image_as_pattern=&#8221;without_pattern&#8221; css=&#8221;.vc_custom_1669290355824{padding-top: 100px !important;background-image: url(https:\/\/fernandesrinhel.com.br\/site\/wp-content\/uploads\/2022\/09\/3.jpg?id=752) !important;}&#8221; z_index=&#8221;&#8221;][vc_column][vc_empty_space height=&#8221;90px&#8221;][vc_column_text css=&#8221;.vc_custom_1669295817757{padding-right: 40px !important;padding-left: 40px !important;}&#8221;]<\/p>\n<p style=\"text-align: center;\"><img loading=\"lazy\" decoding=\"async\" class=\"alignnone wp-image-373 size-full\" src=\"https:\/\/fernandesrinhel.com.br\/site\/wp-content\/uploads\/2019\/11\/logo500-fernandes-rinhel-pb.png\" alt=\"\" width=\"500\" height=\"135\" srcset=\"https:\/\/fernandesrinhel.com.br\/site\/wp-content\/uploads\/2019\/11\/logo500-fernandes-rinhel-pb.png 500w, https:\/\/fernandesrinhel.com.br\/site\/wp-content\/uploads\/2019\/11\/logo500-fernandes-rinhel-pb-300x81.png 300w\" sizes=\"(max-width: 500px) 100vw, 500px\" \/><\/p>\n<p>[\/vc_column_text][vc_empty_space height=&#8221;100px&#8221;][vc_column_text css=&#8221;.vc_custom_1675250248525{padding-right: 30px !important;padding-left: 30px !important;}&#8221;]<\/p>\n<h1 style=\"text-align: center;\"><span style=\"color: #ffffff;\">Somos especialistas em <strong>Investimento no Exterior<\/strong><\/span><\/h1>\n<p>[\/vc_column_text][vc_column_text]<\/p>\n<p style=\"text-align: center;\"><span style=\"color: #ffffff;\">Possu\u00edmos expertise multissetorial. Nosso diferencial \u00e9 o atendimento consultivo e sob medida para o perfil e necessidade de cada cliente.<\/span><\/p>\n<p>[\/vc_column_text][vc_empty_space height=&#8221;250px&#8221;][action full_width=&#8221;yes&#8221; content_in_grid=&#8221;yes&#8221; type=&#8221;simple&#8221; text_font_weight=&#8221;400&#8243; show_button=&#8221;yes&#8221; button_text=&#8221;FALAR COM ESPECIALISTA&#8221; button_hover_text_color=&#8221;#ffffff&#8221; background_color=&#8221;#063C89&#8243; button_hover_background_color=&#8221;#2362aa&#8221; button_link=&#8221;https:\/\/fernandesrinhel.com.br\/site\/investimento\/#simular&#8221;]<strong>Solicite uma an\u00e1lise para a sua necessidade.<\/strong>[\/action][\/vc_column][\/vc_row][vc_row css_animation=&#8221;&#8221; row_type=&#8221;row&#8221; use_row_as_full_screen_section=&#8221;no&#8221; type=&#8221;grid&#8221; angled_section=&#8221;no&#8221; text_align=&#8221;left&#8221; background_image_as_pattern=&#8221;without_pattern&#8221; css=&#8221;.vc_custom_1683227448197{padding-top: 40px !important;padding-bottom: 40px !important;background: #ffffff url(https:\/\/fernandesrinhel.com.br\/site\/wp-content\/uploads\/2023\/05\/finance.jpg?id=1163) !important;}&#8221; z_index=&#8221;&#8221;][vc_column][vc_empty_space height=&#8221;52px&#8221;][vc_column_text]<\/p>\n<h1 style=\"text-align: center;\"><strong>BENEF\u00cdCIOS<\/strong><\/h1>\n<p>[\/vc_column_text][vc_empty_space height=&#8221;52px&#8221;][vc_row_inner row_type=&#8221;row&#8221; type=&#8221;full_width&#8221; text_align=&#8221;left&#8221; css_animation=&#8221;&#8221;][vc_column_inner width=&#8221;1\/3&#8243;][vc_column_text]<\/p>\n<p style=\"text-align: center;\"><img loading=\"lazy\" decoding=\"async\" class=\"alignnone wp-image-1186\" src=\"https:\/\/fernandesrinhel.com.br\/site\/wp-content\/uploads\/2023\/05\/1.png\" alt=\"\" width=\"220\" height=\"220\" srcset=\"https:\/\/fernandesrinhel.com.br\/site\/wp-content\/uploads\/2023\/05\/1.png 300w, https:\/\/fernandesrinhel.com.br\/site\/wp-content\/uploads\/2023\/05\/1-150x150.png 150w\" sizes=\"(max-width: 220px) 100vw, 220px\" \/><\/p>\n<p>[\/vc_column_text][vc_empty_space height=&#8221;30px&#8221;][vc_column_text]<\/p>\n<h2 class=\"p1\" style=\"text-align: center;\"><strong><span style=\"color: #000000;\">Moeda forte<\/span><\/strong><\/h2>\n<p>[\/vc_column_text][vc_empty_space height=&#8221;30px&#8221;][vc_column_text]<\/p>\n<h3><span style=\"color: #000000;\">Uma das melhores formas de proteger seu capital \u00e9 diversificando seus investimentos. Sendo assim, a decis\u00e3o de aplicar em outras moedas \u00e9 altamente eficaz para blindar seu patrim\u00f4nio de qualquer crise que possa se instaurar no pa\u00eds onde o investidor reside<\/span><\/h3>\n<h3><span style=\"color: #000000;\">Na estrutura\u00e7\u00e3o desta opera\u00e7\u00e3o, h\u00e1 a disponibilidade de realizar o seu investimento em 3 (tr\u00eas) op\u00e7\u00f5es de moeda consideradas das mais seguras do mundo: D\u00f3lar Americano, Euro e Libras Esterlinas.<\/span><\/h3>\n<h3><span style=\"color: #000000;\">S\u00e3o moedas aceitas mundialmente e de pa\u00edses com forte influ\u00eancia econ\u00f4mica, fugindo de na\u00e7\u00f5es com alta instabilidade pol\u00edtica e empresas com pouca robustez.<\/span><\/h3>\n<p>[\/vc_column_text][\/vc_column_inner][vc_column_inner width=&#8221;1\/3&#8243;][vc_column_text]<\/p>\n<p style=\"text-align: center;\"><img loading=\"lazy\" decoding=\"async\" class=\"alignnone wp-image-1187\" src=\"https:\/\/fernandesrinhel.com.br\/site\/wp-content\/uploads\/2023\/05\/2.png\" alt=\"\" width=\"220\" height=\"220\" srcset=\"https:\/\/fernandesrinhel.com.br\/site\/wp-content\/uploads\/2023\/05\/2.png 300w, https:\/\/fernandesrinhel.com.br\/site\/wp-content\/uploads\/2023\/05\/2-150x150.png 150w\" sizes=\"(max-width: 220px) 100vw, 220px\" \/><\/p>\n<p>[\/vc_column_text][vc_empty_space height=&#8221;30px&#8221;][vc_column_text]<\/p>\n<h2 class=\"p1\" style=\"text-align: center;\"><strong><span style=\"color: #000000;\">Acesso a Investimentos em qualquer lugar do mundo<\/span><\/strong><\/h2>\n<p>[\/vc_column_text][vc_empty_space height=&#8221;30px&#8221;][vc_column_text]<\/p>\n<h3><span style=\"color: #000000;\">Atrav\u00e9s deste instrumento, surge a oportunidade de Investir em diversos tipos de ativos, desde renda fixa (Treasuries, ETF\u00b4s, Bonds\u2026) a renda vari\u00e1vel em diversos pa\u00edses, tais como Apple na bolsa americana e Alibaba na Bolsa de Hong Kong.<\/span><\/h3>\n<p>[\/vc_column_text][\/vc_column_inner][vc_column_inner width=&#8221;1\/3&#8243;][vc_column_text]<\/p>\n<p style=\"text-align: center;\"><img loading=\"lazy\" decoding=\"async\" class=\"alignnone wp-image-1188\" src=\"https:\/\/fernandesrinhel.com.br\/site\/wp-content\/uploads\/2023\/05\/3.png\" alt=\"\" width=\"220\" height=\"220\" srcset=\"https:\/\/fernandesrinhel.com.br\/site\/wp-content\/uploads\/2023\/05\/3.png 300w, https:\/\/fernandesrinhel.com.br\/site\/wp-content\/uploads\/2023\/05\/3-150x150.png 150w\" sizes=\"(max-width: 220px) 100vw, 220px\" \/><\/p>\n<p>[\/vc_column_text][vc_empty_space height=&#8221;30px&#8221;][vc_column_text]<\/p>\n<h2 class=\"p1\" style=\"text-align: center;\"><strong><span style=\"color: #000000;\">Planejamento Sucess\u00f3rio<\/span><\/strong><\/h2>\n<p>[\/vc_column_text][vc_empty_space height=&#8221;30px&#8221;][vc_column_text]<\/p>\n<h3><span style=\"color: #000000;\">O planejamento sucess\u00f3rio desta estrutura \u00e9 um dos mais modernos atualmente e tem in\u00fameros benef\u00edcios, entre eles: <\/span><\/h3>\n<h3><span style=\"color: #000000;\">&#8211; Escolha da porcentagem oferecida a cada um dos benefici\u00e1rios;<\/span><\/h3>\n<h3><span style=\"color: #000000;\">&#8211; Dispensa de Invent\u00e1rio e seus custos com advogados, judici\u00e1rio e cart\u00f3rio;<\/span><\/h3>\n<h3><span style=\"color: #000000;\">&#8211; Isen\u00e7\u00e3o de tributos, pois o valor \u00e9 repassado aos benefici\u00e1rios atrav\u00e9s de execu\u00e7\u00e3o de ap\u00f3lice de seguro.<\/span><\/h3>\n<p>[\/vc_column_text][\/vc_column_inner][\/vc_row_inner][\/vc_column][\/vc_row][vc_row css_animation=&#8221;&#8221; row_type=&#8221;row&#8221; use_row_as_full_screen_section=&#8221;no&#8221; type=&#8221;grid&#8221; angled_section=&#8221;no&#8221; text_align=&#8221;left&#8221; background_image_as_pattern=&#8221;without_pattern&#8221; css=&#8221;.vc_custom_1667858594482{padding-top: 240px !important;padding-bottom: 240px !important;background-image: url(https:\/\/fernandesrinhel.com.br\/site\/wp-content\/uploads\/2022\/09\/2.jpg?id=751) !important;}&#8221; z_index=&#8221;&#8221;][vc_column width=&#8221;1\/2&#8243;][vc_column_text]<\/p>\n<p style=\"text-align: center;\"><img loading=\"lazy\" decoding=\"async\" class=\"alignnone wp-image-1195 size-full\" src=\"https:\/\/fernandesrinhel.com.br\/site\/wp-content\/uploads\/2023\/05\/Design-sem-nome-35.png\" alt=\"\" width=\"300\" height=\"300\" srcset=\"https:\/\/fernandesrinhel.com.br\/site\/wp-content\/uploads\/2023\/05\/Design-sem-nome-35.png 300w, https:\/\/fernandesrinhel.com.br\/site\/wp-content\/uploads\/2023\/05\/Design-sem-nome-35-150x150.png 150w\" sizes=\"(max-width: 300px) 100vw, 300px\" \/><\/p>\n<p>[\/vc_column_text][\/vc_column][vc_column width=&#8221;1\/2&#8243;][vc_empty_space][vc_column_text]<\/p>\n<h1 class=\"fl-heading\"><strong><span class=\"fl-heading-text\" style=\"color: #ffffff;\">INVESTIMENTO INTERNACIONAL<\/span><\/strong><\/h1>\n<p>[\/vc_column_text][vc_separator type=&#8221;small&#8221; position=&#8221;left&#8221; color=&#8221;#184aa5&#8243; thickness=&#8221;6&#8243;][vc_column_text]<\/p>\n<h2><span style=\"color: #ffffff;\">Investir fora do pa\u00eds \u00e9 totalmente legal e uma \u00f3tima alternativa de mitiga\u00e7\u00e3o de risco. Voc\u00ea pode contar conosco para <b>iniciar e\/ou ampliar seu patrim\u00f4nio no exterior<\/b>.<\/span><\/h2>\n<p>[\/vc_column_text][vc_empty_space][vc_column_text]<\/p>\n<h3 class=\"p1\"><span style=\"color: #ffffff;\">O escrit\u00f3rio conta com profissionais capacitados internacionalmente de modo a atender, muito pr\u00f3ximo ao cliente, as suas demandas no exterior.<\/span><\/h3>\n<h3 class=\"p1\"><span style=\"color: #ffffff;\">Com o aux\u00edlio de nossos parceiros internacionais, trazemos uma solu\u00e7\u00e3o inovadora para o mercado brasileiro e com custo ZERO para sua estrutura\u00e7\u00e3o.<\/span><\/h3>\n<h3 class=\"p1\"><\/h3>\n<p>[\/vc_column_text][vc_empty_space][button target=&#8221;_self&#8221; hover_type=&#8221;default&#8221; text=&#8221;Falar com Especialista&#8221; link=&#8221;https:\/\/fernandesrinhel.com.br\/site\/investimento\/#simular&#8221;][\/vc_column][\/vc_row][vc_row css_animation=&#8221;&#8221; row_type=&#8221;row&#8221; use_row_as_full_screen_section=&#8221;no&#8221; type=&#8221;full_width&#8221; angled_section=&#8221;no&#8221; text_align=&#8221;left&#8221; background_image_as_pattern=&#8221;without_pattern&#8221; css=&#8221;.vc_custom_1683227878484{padding-top: 50px !important;padding-bottom: 20px !important;background-color: #004897 !important;}&#8221; z_index=&#8221;&#8221;][vc_column][vc_column_text css=&#8221;.vc_custom_1675251110660{margin-top: -9px !important;padding-top: -10px !important;}&#8221;]<\/p>\n<h1 style=\"text-align: center;\"><span style=\"color: #ffffff;\">Maior seguran\u00e7a e rentabilidade do seu patrim\u00f4nio familiar.<\/span><\/h1>\n<p>[\/vc_column_text][vc_empty_space height=&#8221;22px&#8221;][\/vc_column][\/vc_row][vc_row css_animation=&#8221;&#8221; row_type=&#8221;row&#8221; use_row_as_full_screen_section=&#8221;no&#8221; type=&#8221;grid&#8221; angled_section=&#8221;no&#8221; text_align=&#8221;left&#8221; background_image_as_pattern=&#8221;without_pattern&#8221; css=&#8221;.vc_custom_1683227352261{padding-top: 80px !important;padding-bottom: 80px !important;background-image: url(https:\/\/fernandesrinhel.com.br\/site\/wp-content\/uploads\/2023\/05\/finance.jpg?id=1163) !important;}&#8221; z_index=&#8221;&#8221;][vc_column][vc_row_inner row_type=&#8221;row&#8221; type=&#8221;full_width&#8221; text_align=&#8221;left&#8221; css_animation=&#8221;&#8221;][vc_column_inner width=&#8221;1\/2&#8243;][vc_empty_space height=&#8221;52px&#8221;][vc_column_text]<\/p>\n<p style=\"text-align: center;\"><img loading=\"lazy\" decoding=\"async\" class=\"alignnone wp-image-1198 size-full\" src=\"https:\/\/fernandesrinhel.com.br\/site\/wp-content\/uploads\/2023\/05\/1-1.png\" alt=\"\" width=\"300\" height=\"300\" srcset=\"https:\/\/fernandesrinhel.com.br\/site\/wp-content\/uploads\/2023\/05\/1-1.png 300w, https:\/\/fernandesrinhel.com.br\/site\/wp-content\/uploads\/2023\/05\/1-1-150x150.png 150w\" sizes=\"(max-width: 300px) 100vw, 300px\" \/><\/p>\n<p>[\/vc_column_text][\/vc_column_inner][vc_column_inner width=&#8221;1\/2&#8243;][vc_empty_space][vc_column_text]<\/p>\n<h1><span style=\"color: #000000;\"><strong>SP 500 INDEX<\/strong><\/span><\/h1>\n<p>[\/vc_column_text][vc_separator type=&#8221;small&#8221; position=&#8221;left&#8221; color=&#8221;#184aa5&#8243; thickness=&#8221;6&#8243;][vc_column_text]<\/p>\n<h2 class=\"elementor-heading-title elementor-size-default\"><span style=\"color: #000000;\">O plano S&amp;P 500 oferece aos investidores acesso \u00e0s 500 empresas l\u00edderes de mercado, as quais representam todos os setores da economia dos Estados Unidos.<br \/>\n<\/span><\/h2>\n<p>[\/vc_column_text][vc_empty_space][vc_column_text]<\/p>\n<h3><span style=\"color: #000000;\">A prote\u00e7\u00e3o de capital subjacente \u00e9 derivada de notas estruturadas fornecidas por institui\u00e7\u00f5es financeiras altamente qualificadas e voc\u00ea ainda tem a flexibilidade para escolher um plano que atenda \u00e0s necessidades individuais com op\u00e7\u00f5es de 10, 15 e 20 anos.<\/span><\/h3>\n<p>[\/vc_column_text][vc_empty_space][button target=&#8221;_self&#8221; hover_type=&#8221;default&#8221; text=&#8221;Fa\u00e7a uma simula\u00e7\u00e3o&#8221; link=&#8221;https:\/\/fernandesrinhel.com.br\/site\/investimento\/#simular&#8221;][\/vc_column_inner][\/vc_row_inner][vc_row_inner row_type=&#8221;row&#8221; type=&#8221;full_width&#8221; text_align=&#8221;left&#8221; css_animation=&#8221;&#8221; css=&#8221;.vc_custom_1683228113227{padding-top: 80px !important;padding-bottom: 90px !important;}&#8221;][vc_column_inner width=&#8221;1\/2&#8243;][vc_empty_space height=&#8221;52px&#8221;][vc_column_text]<\/p>\n<p style=\"text-align: center;\"><img loading=\"lazy\" decoding=\"async\" class=\"alignnone wp-image-1199 size-full\" src=\"https:\/\/fernandesrinhel.com.br\/site\/wp-content\/uploads\/2023\/05\/2-1.png\" alt=\"\" width=\"300\" height=\"300\" srcset=\"https:\/\/fernandesrinhel.com.br\/site\/wp-content\/uploads\/2023\/05\/2-1.png 300w, https:\/\/fernandesrinhel.com.br\/site\/wp-content\/uploads\/2023\/05\/2-1-150x150.png 150w\" sizes=\"(max-width: 300px) 100vw, 300px\" \/><\/p>\n<p>[\/vc_column_text][\/vc_column_inner][vc_column_inner width=&#8221;1\/2&#8243;][vc_empty_space][vc_column_text]<\/p>\n<h1><span style=\"color: #000000;\"><strong>ACCESS PORTFOLIO<\/strong><\/span><\/h1>\n<p>[\/vc_column_text][vc_separator type=&#8221;small&#8221; position=&#8221;left&#8221; color=&#8221;#184aa5&#8243; thickness=&#8221;6&#8243;][vc_column_text]<\/p>\n<h2 class=\"elementor-heading-title elementor-size-default\"><span style=\"color: #000000;\">Access Portfolio \u00e9 um produto de Contribui\u00e7\u00e3o \u00danica de estrutura portf\u00f3lio bond com arquitetura aberta, que proporciona aos investidores internacionais solu\u00e7\u00f5es flex\u00edveis que se adaptam a diferentes necessidades de investimento.<\/span><\/h2>\n<p>[\/vc_column_text][vc_empty_space][vc_column_text]<\/p>\n<h3><span style=\"color: #000000;\">Voc\u00ea ter\u00e1 op\u00e7\u00f5es praticamente ilimitadas de investimentos, incluindo diversos ativos no mercado de Renda Fixa, A\u00e7\u00f5es, T\u00edtulos, ETFs, Fundos M\u00fatuos e Notas Estruturadas. Por fim, o investidor possui a op\u00e7\u00e3o de investir por meio da transfer\u00eancia de um investimento j\u00e1 existente (sem custo), com dinheiro, ou construindo o seu portf\u00f3lio utilizando uma combina\u00e7\u00e3o de ambos.<\/span><\/h3>\n<h3><span style=\"color: #000000;\">N\u00e3o h\u00e1 nenhuma limita\u00e7\u00e3o sobre o n\u00famero de investimentos em seu portf\u00f3lio, o que facilita a combina\u00e7\u00e3o das estrat\u00e9gias de diversos gestores de investimento, ajudando-o a atingir um desempenho que corresponda aos seus objetivos.<\/span><\/h3>\n<p>[\/vc_column_text][vc_empty_space][button target=&#8221;_self&#8221; hover_type=&#8221;default&#8221; text=&#8221;Fa\u00e7a uma simula\u00e7\u00e3o&#8221; link=&#8221;https:\/\/fernandesrinhel.com.br\/site\/investimento\/#simular&#8221;][\/vc_column_inner][\/vc_row_inner][\/vc_column][\/vc_row][vc_row css_animation=&#8221;&#8221; row_type=&#8221;row&#8221; use_row_as_full_screen_section=&#8221;no&#8221; type=&#8221;grid&#8221; angled_section=&#8221;no&#8221; text_align=&#8221;center&#8221; background_image_as_pattern=&#8221;without_pattern&#8221; css=&#8221;.vc_custom_1684270589048{padding-top: 240px !important;padding-bottom: 240px !important;background-image: url(https:\/\/fernandesrinhel.com.br\/site\/wp-content\/uploads\/2022\/11\/escritorio.jpg?id=836) !important;}&#8221; z_index=&#8221;&#8221;][vc_column][vc_empty_space][vc_column_text]<\/p>\n<h1><span style=\"color: #ffffff;\"><strong>SOBRE N\u00d3S<\/strong><\/span><\/h1>\n<p>[\/vc_column_text][vc_column_text]<\/p>\n<h2 class=\"elementor-heading-title elementor-size-default\"><span style=\"color: #ffffff;\">Expertise multissetorial<\/span><\/h2>\n<p>[\/vc_column_text][vc_separator type=&#8221;small&#8221; position=&#8221;left&#8221; color=&#8221;#1e73be&#8221; thickness=&#8221;6&#8243;][vc_column_text]<\/p>\n<h3><span style=\"color: #ffffff;\">Estamos localizados em Florian\u00f3polis e possu\u00edmos expertise multissetorial. Possu\u00edmos um portf\u00f3lio de clientes de m\u00e9dio e grande porte em todo o territ\u00f3rio nacional. Somos refer\u00eancias nos segmentos relacionados \u00e0 Contabilidade, Gest\u00e3o Financeira, Direito Empresarial e Economia.<\/span><\/h3>\n<p>span&gt;[\/vc_column_text][vc_empty_space][button target=&#8221;_self&#8221; hover_type=&#8221;default&#8221; text=&#8221;Fa\u00e7a uma simula\u00e7\u00e3o&#8221; link=&#8221;https:\/\/fernandesrinhel.com.br\/site\/investimento\/#simular&#8221;][\/vc_column][\/vc_row][vc_row css_animation=&#8221;&#8221; row_type=&#8221;row&#8221; use_row_as_full_screen_section=&#8221;no&#8221; type=&#8221;grid&#8221; anchor=&#8221;simular&#8221; angled_section=&#8221;no&#8221; text_align=&#8221;left&#8221; background_image_as_pattern=&#8221;without_pattern&#8221; css=&#8221;.vc_custom_1683227410103{padding-top: 100px !important;padding-bottom: 100px !important;background-image: url(https:\/\/fernandesrinhel.com.br\/site\/wp-content\/uploads\/2023\/05\/finance.jpg?id=1163) !important;}&#8221; z_index=&#8221;&#8221;][vc_column width=&#8221;1\/4&#8243;][\/vc_column][vc_column width=&#8221;1\/2&#8243;][vc_column_text]<\/p>\n<h1 style=\"text-align: center;\"><span style=\"color: #000000;\"><strong>SOLICITE UMA AN\u00c1LISE<\/strong><\/span><\/h1>\n<p>[\/vc_column_text][vc_column_text]<\/p>\n<h2 class=\"elementor-heading-title elementor-size-default\" style=\"text-align: center;\"><span style=\"color: #000000;\">Preencha as informa\u00e7\u00f5es abaixo e receba uma an\u00e1lise para sua necessidade<\/span><\/h2>\n<p>[\/vc_column_text][vc_empty_space][vc_column_text]<script charset=\"utf-8\" type=\"text\/javascript\" src=\"\/\/js.hsforms.net\/forms\/embed\/v2.js\"><\/script><br \/>\n<script>\n  hbspt.forms.create({\n    region: \"na1\",\n    portalId: \"23585335\",\n    formId: \"fa81b887-ea97-45b7-8f3b-74afedf6e92f\"\n  });\n<\/script>[\/vc_column_text][\/vc_column][vc_column width=&#8221;1\/4&#8243;][\/vc_column][\/vc_row]<\/p>\n<\/div>","protected":false},"excerpt":{"rendered":"<p>[vc_row css_animation=&#8221;&#8221; row_type=&#8221;row&#8221; use_row_as_full_screen_section=&#8221;no&#8221; type=&#8221;full_width&#8221; angled_section=&#8221;no&#8221; text_align=&#8221;left&#8221; background_image_as_pattern=&#8221;without_pattern&#8221; css=&#8221;.vc_custom_1669290355824{padding-top: 100px !important;background-image: url(https:\/\/fernandesrinhel.com.br\/site\/wp-content\/uploads\/2022\/09\/3.jpg?id=752) !important;}&#8221; z_index=&#8221;&#8221;][vc_column][vc_empty_space height=&#8221;90px&#8221;][vc_column_text css=&#8221;.vc_custom_1669295817757{padding-right: 40px !important;padding-left: 40px !important;}&#8221;] [&hellip;]<\/p>\n","protected":false},"author":1,"featured_media":0,"parent":0,"menu_order":0,"comment_status":"closed","ping_status":"closed","template":"full_width.php","meta":{"content-type":"","_uag_custom_page_level_css":"","site-sidebar-layout":"no-sidebar","site-content-layout":"plain-container","ast-site-content-layout":"","site-content-style":"default","site-sidebar-style":"default","ast-global-header-display":"","ast-banner-title-visibility":"","ast-main-header-display":"","ast-hfb-above-header-display":"","ast-hfb-below-header-display":"","ast-hfb-mobile-header-display":"","site-post-title":"disabled","ast-breadcrumbs-content":"","ast-featured-img":"disabled","footer-sml-layout":"","theme-transparent-header-meta":"","adv-header-id-meta":"","stick-header-meta":"","header-above-stick-meta":"","header-main-stick-meta":"","header-below-stick-meta":"","astra-migrate-meta-layouts":"default","ast-page-background-enabled":"default","ast-page-background-meta":{"desktop":{"background-color":"var(--ast-global-color-4)","background-image":"","background-repeat":"repeat","background-position":"center center","background-size":"auto","background-attachment":"scroll","background-type":"","background-media":"","overlay-type":"","overlay-color":"","overlay-opacity":"","overlay-gradient":""},"tablet":{"background-color":"","background-image":"","background-repeat":"repeat","background-position":"center center","background-size":"auto","background-attachment":"scroll","background-type":"","background-media":"","overlay-type":"","overlay-color":"","overlay-opacity":"","overlay-gradient":""},"mobile":{"background-color":"","background-image":"","background-repeat":"repeat","background-position":"center center","background-size":"auto","background-attachment":"scroll","background-type":"","background-media":"","overlay-type":"","overlay-color":"","overlay-opacity":"","overlay-gradient":""}},"ast-content-background-meta":{"desktop":{"background-color":"var(--ast-global-color-5)","background-image":"","background-repeat":"repeat","background-position":"center center","background-size":"auto","background-attachment":"scroll","background-type":"","background-media":"","overlay-type":"","overlay-color":"","overlay-opacity":"","overlay-gradient":""},"tablet":{"background-color":"var(--ast-global-color-5)","background-image":"","background-repeat":"repeat","background-position":"center center","background-size":"auto","background-attachment":"scroll","background-type":"","background-media":"","overlay-type":"","overlay-color":"","overlay-opacity":"","overlay-gradient":""},"mobile":{"background-color":"var(--ast-global-color-5)","background-image":"","background-repeat":"repeat","background-position":"center center","background-size":"auto","background-attachment":"scroll","background-type":"","background-media":"","overlay-type":"","overlay-color":"","overlay-opacity":"","overlay-gradient":""}},"footnotes":""},"class_list":["post-1038","page","type-page","status-publish","hentry"],"uagb_featured_image_src":{"full":false,"thumbnail":false,"medium":false,"medium_large":false,"large":false,"1536x1536":false,"2048x2048":false},"uagb_author_info":{"display_name":"suporte","author_link":"https:\/\/fernandesrinhel.com.br\/site\/author\/suporte\/"},"uagb_comment_info":0,"uagb_excerpt":"[vc_row css_animation=&#8221;&#8221; row_type=&#8221;row&#8221; use_row_as_full_screen_section=&#8221;no&#8221; type=&#8221;full_width&#8221; angled_section=&#8221;no&#8221; text_align=&#8221;left&#8221; background_image_as_pattern=&#8221;without_pattern&#8221; css=&#8221;.vc_custom_1669290355824{padding-top: 100px !important;background-image: url(https:\/\/fernandesrinhel.com.br\/site\/wp-content\/uploads\/2022\/09\/3.jpg?id=752) !important;}&#8221; z_index=&#8221;&#8221;][vc_column][vc_empty_space height=&#8221;90px&#8221;][vc_column_text css=&#8221;.vc_custom_1669295817757{padding-right: 40px !important;padding-left: 40px !important;}&#8221;] [&hellip;]","_links":{"self":[{"href":"https:\/\/fernandesrinhel.com.br\/site\/wp-json\/wp\/v2\/pages\/1038"}],"collection":[{"href":"https:\/\/fernandesrinhel.com.br\/site\/wp-json\/wp\/v2\/pages"}],"about":[{"href":"https:\/\/fernandesrinhel.com.br\/site\/wp-json\/wp\/v2\/types\/page"}],"author":[{"embeddable":true,"href":"https:\/\/fernandesrinhel.com.br\/site\/wp-json\/wp\/v2\/users\/1"}],"replies":[{"embeddable":true,"href":"https:\/\/fernandesrinhel.com.br\/site\/wp-json\/wp\/v2\/comments?post=1038"}],"version-history":[{"count":77,"href":"https:\/\/fernandesrinhel.com.br\/site\/wp-json\/wp\/v2\/pages\/1038\/revisions"}],"predecessor-version":[{"id":1206,"href":"https:\/\/fernandesrinhel.com.br\/site\/wp-json\/wp\/v2\/pages\/1038\/revisions\/1206"}],"wp:attachment":[{"href":"https:\/\/fernandesrinhel.com.br\/site\/wp-json\/wp\/v2\/media?parent=1038"}],"curies":[{"name":"wp","href":"https:\/\/api.w.org\/{rel}","templated":true}]}}